Last updated on 2025-10-05 09:49:20 CEST.
Flavor | Version | Tinstall | Tcheck | Ttotal | Status | Flags |
---|---|---|---|---|---|---|
r-devel-linux-x86_64-debian-clang | 1.0.0.1 | 14.83 | 123.57 | 138.40 | OK | |
r-devel-linux-x86_64-debian-gcc | 1.0.0.1 | 10.05 | 86.65 | 96.70 | OK | |
r-devel-linux-x86_64-fedora-clang | 1.0.0.1 | 227.13 | OK | |||
r-devel-linux-x86_64-fedora-gcc | 1.0.0.1 | 217.09 | OK | |||
r-devel-windows-x86_64 | 1.0.0.1 | 18.00 | 141.00 | 159.00 | OK | |
r-patched-linux-x86_64 | 1.0.0.1 | 14.85 | 118.04 | 132.89 | OK | |
r-release-linux-x86_64 | 1.0.0.1 | 15.96 | 118.14 | 134.10 | OK | |
r-release-macos-arm64 | 1.0.0.1 | 92.00 | OK | |||
r-release-macos-x86_64 | 1.0.0.1 | 130.00 | OK | |||
r-release-windows-x86_64 | 1.0.0.1 | 18.00 | 139.00 | 157.00 | OK | |
r-oldrel-macos-arm64 | 1.0.0.1 | 68.00 | NOTE | |||
r-oldrel-macos-x86_64 | 1.0.0.1 | 195.00 | NOTE | |||
r-oldrel-windows-x86_64 | 1.0.0.1 | 24.00 | 167.00 | 191.00 | NOTE |
Version: 1.0.0.1
Check: installed files from ‘inst/doc’
Result: NOTE
The following files should probably not be installed:
‘econet.tex’
Consider the use of a .Rinstignore file: see ‘Writing R Extensions’,
or move the vignette sources from ‘inst/doc’ to ‘vignettes’.
Flavors: r-oldrel-macos-arm64, r-oldrel-macos-x86_64, r-oldrel-windows-x86_64