Last updated on 2025-10-31 09:50:15 CET.
| Flavor | Version | Tinstall | Tcheck | Ttotal | Status | Flags | 
|---|---|---|---|---|---|---|
| r-devel-linux-x86_64-debian-clang | 0.1.1 | 2.39 | 29.21 | 31.60 | NOTE | |
| r-devel-linux-x86_64-debian-gcc | 0.1.1 | 1.86 | 23.32 | 25.18 | NOTE | |
| r-devel-linux-x86_64-fedora-clang | 0.1.1 | 47.31 | OK | |||
| r-devel-linux-x86_64-fedora-gcc | 0.1.1 | 44.92 | OK | |||
| r-devel-windows-x86_64 | 0.1.1 | 4.00 | 43.00 | 47.00 | OK | |
| r-patched-linux-x86_64 | 0.1.1 | 2.42 | 27.73 | 30.15 | OK | |
| r-release-linux-x86_64 | 0.1.1 | 2.14 | 28.35 | 30.49 | OK | |
| r-release-macos-arm64 | 0.1.1 | 1.00 | 20.00 | 21.00 | OK | |
| r-release-macos-x86_64 | 0.1.1 | 3.00 | 34.00 | 37.00 | OK | |
| r-release-windows-x86_64 | 0.1.1 | 5.00 | 45.00 | 50.00 | OK | |
| r-oldrel-macos-arm64 | 0.1.1 | 1.00 | 16.00 | 17.00 | NOTE | |
| r-oldrel-macos-x86_64 | 0.1.1 | 2.00 | 28.00 | 30.00 | NOTE | |
| r-oldrel-windows-x86_64 | 0.1.1 | 6.00 | 56.00 | 62.00 | NOTE | 
Version: 0.1.1
Check: CRAN incoming feasibility
Result: NOTE
  Maintainer: ‘John P Nolan <jpnolan@american.edu>’
  
  No Authors@R field in DESCRIPTION.
  Please add one, modifying
    Authors@R: person(given = c("John", "P"),
                      family = "Nolan",
                      role = c("aut", "cre"),
                      email = "jpnolan@american.edu")
  as necessary.
Flavors: r-devel-linux-x86_64-debian-clang, r-devel-linux-x86_64-debian-gcc
Version: 0.1.1
Check: LazyData
Result: NOTE
    'LazyData' is specified without a 'data' directory
Flavors: r-oldrel-macos-arm64, r-oldrel-macos-x86_64, r-oldrel-windows-x86_64