Last updated on 2024-05-09 10:49:47 CEST.
Flavor | Version | Tinstall | Tcheck | Ttotal | Status | Flags |
---|---|---|---|---|---|---|
r-devel-linux-x86_64-debian-clang | 2.0.0 | 12.35 | 146.34 | 158.69 | NOTE | |
r-devel-linux-x86_64-debian-gcc | 2.0.0 | 9.16 | 104.64 | 113.80 | NOTE | |
r-devel-linux-x86_64-fedora-clang | 2.0.0 | 192.63 | NOTE | |||
r-devel-linux-x86_64-fedora-gcc | 2.0.0 | 259.25 | NOTE | |||
r-devel-windows-x86_64 | 2.0.0 | 12.00 | 119.00 | 131.00 | NOTE | |
r-patched-linux-x86_64 | 2.0.0 | 14.72 | 135.13 | 149.85 | NOTE | |
r-release-linux-x86_64 | 2.0.0 | 10.14 | 137.42 | 147.56 | NOTE | |
r-release-macos-arm64 | 2.0.0 | 57.00 | NOTE | |||
r-release-windows-x86_64 | 2.0.0 | 12.00 | 120.00 | 132.00 | NOTE | |
r-oldrel-macos-arm64 | 2.0.0 | 66.00 | NOTE | |||
r-oldrel-macos-x86_64 | 2.0.0 | 100.00 | NOTE | |||
r-oldrel-windows-x86_64 | 2.0.0 | 14.00 | 144.00 | 158.00 | NOTE |
Version: 2.0.0
Check: Rd files
Result: NOTE
checkRd: (-1) confint.dr4pl.Rd:49: Escaped LaTeX specials: \&
checkRd: (-1) gof-dr4pl.Rd:40: Escaped LaTeX specials: \&
checkRd: (-1) vcov.dr4pl.Rd:61: Escaped LaTeX specials: \&
Flavors: r-devel-linux-x86_64-debian-clang, r-devel-linux-x86_64-debian-gcc, r-devel-linux-x86_64-fedora-clang, r-devel-linux-x86_64-fedora-gcc, r-devel-windows-x86_64, r-patched-linux-x86_64, r-release-linux-x86_64, r-release-macos-arm64, r-release-windows-x86_64, r-oldrel-macos-arm64, r-oldrel-macos-x86_64, r-oldrel-windows-x86_64