CRAN Package Check Results for Package doubt

Last updated on 2025-11-25 11:51:46 CET.

Flavor Version Tinstall Tcheck Ttotal Status Flags
r-devel-linux-x86_64-debian-clang 0.1.0 1.69 23.81 25.50 OK
r-devel-linux-x86_64-debian-gcc 0.1.0 1.49 19.90 21.39 OK
r-devel-linux-x86_64-fedora-clang 0.1.0 36.00 OK
r-devel-linux-x86_64-fedora-gcc 0.1.0 34.60 OK
r-devel-windows-x86_64 0.1.0 4.00 41.00 45.00 OK
r-patched-linux-x86_64 0.1.0 1.77 21.64 23.41 OK
r-release-linux-x86_64 0.1.0 1.36 21.63 22.99 OK
r-release-macos-arm64 0.1.0 OK
r-release-macos-x86_64 0.1.0 2.00 24.00 26.00 OK
r-release-windows-x86_64 0.1.0 4.00 41.00 45.00 OK
r-oldrel-macos-arm64 0.1.0 NOTE
r-oldrel-macos-x86_64 0.1.0 1.00 22.00 23.00 NOTE
r-oldrel-windows-x86_64 0.1.0 4.00 46.00 50.00 NOTE

Check Details

Version: 0.1.0
Check: LazyData
Result: NOTE 'LazyData' is specified without a 'data' directory Flavors: r-oldrel-macos-arm64, r-oldrel-macos-x86_64, r-oldrel-windows-x86_64