CRAN Package Check Results for Package distcomp

Last updated on 2025-11-21 09:49:00 CET.

Flavor Version Tinstall Tcheck Ttotal Status Flags
r-devel-linux-x86_64-debian-clang 1.3-3 20.49 107.13 127.62 WARN
r-devel-linux-x86_64-debian-gcc 1.3-3 13.54 77.05 90.59 WARN
r-devel-linux-x86_64-fedora-clang 1.3-3 41.00 156.20 197.20 WARN
r-devel-linux-x86_64-fedora-gcc 1.3-3 39.00 159.52 198.52 WARN
r-devel-windows-x86_64 1.3-3 33.00 114.00 147.00 WARN
r-patched-linux-x86_64 1.3-3 20.18 99.02 119.20 NOTE
r-release-linux-x86_64 1.3-3 18.28 99.79 118.07 NOTE
r-release-macos-arm64 1.3-3 NOTE
r-release-macos-x86_64 1.3-3 19.00 105.00 124.00 NOTE
r-release-windows-x86_64 1.3-3 28.00 114.00 142.00 NOTE
r-oldrel-macos-arm64 1.3-3 OK
r-oldrel-macos-x86_64 1.3-3 15.00 87.00 102.00 OK
r-oldrel-windows-x86_64 1.3-3 34.00 142.00 176.00 OK

Check Details

Version: 1.3-3
Check: compiled code
Result: WARN File ‘distcomp/libs/distcomp.so’: Found non-API call to R: ‘NAMED’ This entry point may be removed soon. Compiled code should not call non-API entry points in R. See ‘Writing portable packages’ in the ‘Writing R Extensions’ manual, and section ‘Moving into C API compliance’ for issues with the use of non-API entry points. Flavors: r-devel-linux-x86_64-debian-clang, r-devel-linux-x86_64-debian-gcc, r-devel-linux-x86_64-fedora-clang, r-devel-linux-x86_64-fedora-gcc

Version: 1.3-3
Check: compiled code
Result: WARN File 'distcomp/libs/x64/distcomp.dll': Found non-API call to R: 'NAMED' This entry point may be removed soon. Compiled code should not call non-API entry points in R. See 'Writing portable packages' in the 'Writing R Extensions' manual, and section 'Moving into C API compliance' for issues with the use of non-API entry points. Flavor: r-devel-windows-x86_64

Version: 1.3-3
Check: compiled code
Result: NOTE File ‘distcomp/libs/distcomp.so’: Found non-API call to R: ‘NAMED’ Compiled code should not call non-API entry points in R. See ‘Writing portable packages’ in the ‘Writing R Extensions’ manual, and section ‘Moving into C API compliance’ for issues with the use of non-API entry points. Flavors: r-patched-linux-x86_64, r-release-linux-x86_64, r-release-macos-arm64, r-release-macos-x86_64

Version: 1.3-3
Check: compiled code
Result: NOTE File 'distcomp/libs/x64/distcomp.dll': Found non-API call to R: 'NAMED' Compiled code should not call non-API entry points in R. See 'Writing portable packages' in the 'Writing R Extensions' manual, and section 'Moving into C API compliance' for issues with the use of non-API entry points. Flavor: r-release-windows-x86_64