Last updated on 2025-10-25 09:49:28 CEST.
| Flavor | Version | Tinstall | Tcheck | Ttotal | Status | Flags |
|---|---|---|---|---|---|---|
| r-devel-linux-x86_64-debian-clang | 2.2.3 | 2.41 | 31.23 | 33.64 | OK | |
| r-devel-linux-x86_64-debian-gcc | 2.2.3 | 1.74 | 24.29 | 26.03 | OK | |
| r-devel-linux-x86_64-fedora-clang | 2.2.3 | 48.91 | OK | |||
| r-devel-linux-x86_64-fedora-gcc | 2.2.3 | 46.59 | OK | |||
| r-devel-windows-x86_64 | 2.2.3 | 4.00 | 46.00 | 50.00 | OK | |
| r-patched-linux-x86_64 | 2.2.3 | 2.36 | 28.12 | 30.48 | OK | |
| r-release-linux-x86_64 | 2.2.3 | 2.52 | 28.30 | 30.82 | OK | |
| r-release-macos-arm64 | 2.2.3 | 2.00 | 20.00 | 22.00 | OK | |
| r-release-macos-x86_64 | 2.2.3 | 3.00 | 35.00 | 38.00 | OK | |
| r-release-windows-x86_64 | 2.2.3 | 4.00 | 47.00 | 51.00 | OK | |
| r-oldrel-macos-arm64 | 2.2.3 | 1.00 | 17.00 | 18.00 | NOTE | |
| r-oldrel-macos-x86_64 | 2.2.3 | 2.00 | 24.00 | 26.00 | NOTE | |
| r-oldrel-windows-x86_64 | 2.2.3 | 5.00 | 55.00 | 60.00 | NOTE |
Version: 2.2.3
Check: LazyData
Result: NOTE
'LazyData' is specified without a 'data' directory
Flavors: r-oldrel-macos-arm64, r-oldrel-macos-x86_64, r-oldrel-windows-x86_64