CRAN Package Check Results for Package diffee

Last updated on 2025-11-02 10:50:40 CET.

Flavor Version Tinstall Tcheck Ttotal Status Flags
r-devel-linux-x86_64-debian-clang 1.1.0 2.72 30.51 33.23 NOTE
r-devel-linux-x86_64-debian-gcc 1.1.0 1.96 24.52 26.48 NOTE
r-devel-linux-x86_64-fedora-clang 1.1.0 50.96 OK
r-devel-linux-x86_64-fedora-gcc 1.1.0 47.37 OK
r-devel-windows-x86_64 1.1.0 5.00 49.00 54.00 OK
r-patched-linux-x86_64 1.1.0 2.53 29.07 31.60 OK
r-release-linux-x86_64 1.1.0 2.46 29.21 31.67 OK
r-release-macos-arm64 1.1.0 2.00 20.00 22.00 OK
r-release-macos-x86_64 1.1.0 2.00 29.00 31.00 OK
r-release-windows-x86_64 1.1.0 5.00 47.00 52.00 OK
r-oldrel-macos-arm64 1.1.0 2.00 18.00 20.00 OK
r-oldrel-macos-x86_64 1.1.0 2.00 26.00 28.00 OK
r-oldrel-windows-x86_64 1.1.0 5.00 57.00 62.00 OK

Check Details

Version: 1.1.0
Check: CRAN incoming feasibility
Result: NOTE Maintainer: ‘Beilun Wang <bw4mw@virginia.edu>’ The Description field contains Yanjun Qi (2018) <arXiv:1710.11223>. Please refer to arXiv e-prints via their arXiv DOI <doi:10.48550/arXiv.YYMM.NNNNN>. The BugReports field in DESCRIPTION has https://github.com/QData/DIFFEE which should likely be https://github.com/QData/DIFFEE/issues instead. Flavors: r-devel-linux-x86_64-debian-clang, r-devel-linux-x86_64-debian-gcc