Last updated on 2025-10-31 09:50:15 CET.
| Flavor | Version | Tinstall | Tcheck | Ttotal | Status | Flags | 
|---|---|---|---|---|---|---|
| r-devel-linux-x86_64-debian-clang | 1.1.3 | 2.90 | 35.71 | 38.61 | NOTE | |
| r-devel-linux-x86_64-debian-gcc | 1.1.3 | 1.99 | 26.85 | 28.84 | NOTE | |
| r-devel-linux-x86_64-fedora-clang | 1.1.3 | 56.11 | OK | |||
| r-devel-linux-x86_64-fedora-gcc | 1.1.3 | 55.33 | OK | |||
| r-devel-windows-x86_64 | 1.1.3 | 3.00 | 55.00 | 58.00 | OK | |
| r-patched-linux-x86_64 | 1.1.3 | 3.45 | 33.77 | 37.22 | OK | |
| r-release-linux-x86_64 | 1.1.3 | 2.40 | 33.38 | 35.78 | OK | |
| r-release-macos-arm64 | 1.1.3 | 1.00 | 20.00 | 21.00 | OK | |
| r-release-macos-x86_64 | 1.1.3 | 3.00 | 36.00 | 39.00 | OK | |
| r-release-windows-x86_64 | 1.1.3 | 4.00 | 60.00 | 64.00 | OK | |
| r-oldrel-macos-arm64 | 1.1.3 | 1.00 | 19.00 | 20.00 | OK | |
| r-oldrel-macos-x86_64 | 1.1.3 | 2.00 | 31.00 | 33.00 | OK | |
| r-oldrel-windows-x86_64 | 1.1.3 | 3.00 | 56.00 | 59.00 | OK | 
Version: 1.1.3
Check: CRAN incoming feasibility
Result: NOTE
  Maintainer: ‘Daniel Meyer <meyerda@ethz.ch>’
  
  No Authors@R field in DESCRIPTION.
  Please add one, modifying
    Authors@R: person(given = "Daniel",
                      family = "Meyer",
                      role = c("aut", "cre"),
                      email = "meyerda@ethz.ch")
  as necessary.
  
  The Description field contains
    see: Meyer, D.W. (2016) <arXiv:1610.00345> or Meyer, D.W., Statistics
    (2017) <arXiv:1711.04632> or Meyer, D.W., Journal of Computational and
  Please refer to arXiv e-prints via their arXiv DOI <doi:10.48550/arXiv.YYMM.NNNNN>.
  
  Found the following URLs which should use \doi (with the DOI name only):
    File ‘det.construct.Rd’:
      https://doi.org/10.1007/s11222-017-9751-9
    File ‘detpack.Rd’:
      https://doi.org/10.1007/s11222-017-9751-9
      https://doi.org/10.1080/10618600.2018.1482768
Flavors: r-devel-linux-x86_64-debian-clang, r-devel-linux-x86_64-debian-gcc