Last updated on 2024-05-09 10:49:46 CEST.
Flavor | Version | Tinstall | Tcheck | Ttotal | Status | Flags |
---|---|---|---|---|---|---|
r-devel-linux-x86_64-debian-clang | 1.2.2 | 4.67 | 46.32 | 50.99 | OK | |
r-devel-linux-x86_64-debian-gcc | 1.2.2 | 4.32 | 34.62 | 38.94 | OK | |
r-devel-linux-x86_64-fedora-clang | 1.2.2 | 63.96 | NOTE | |||
r-devel-linux-x86_64-fedora-gcc | 1.2.2 | 81.44 | NOTE | |||
r-devel-windows-x86_64 | 1.2.2 | 7.00 | 64.00 | 71.00 | OK | |
r-patched-linux-x86_64 | 1.2.2 | 8.45 | 43.73 | 52.18 | OK | |
r-release-linux-x86_64 | 1.2.2 | 4.46 | 44.25 | 48.71 | OK | |
r-release-macos-arm64 | 1.2.2 | 29.00 | OK | |||
r-release-windows-x86_64 | 1.2.2 | 7.00 | 65.00 | 72.00 | OK | |
r-oldrel-macos-arm64 | 1.2.2 | 32.00 | OK | |||
r-oldrel-macos-x86_64 | 1.2.2 | 47.00 | OK | |||
r-oldrel-windows-x86_64 | 1.2.2 | 8.00 | 66.00 | 74.00 | OK |
Version: 1.2.2
Check: data for non-ASCII characters
Result: NOTE
Note: found 1 marked Latin-1 string
Note: found 46826 marked UTF-8 strings
Flavors: r-devel-linux-x86_64-fedora-clang, r-devel-linux-x86_64-fedora-gcc