Last updated on 2024-05-09 10:49:46 CEST.
Flavor | Version | Tinstall | Tcheck | Ttotal | Status | Flags |
---|---|---|---|---|---|---|
r-devel-linux-x86_64-debian-clang | 1.0.0 | 6.77 | 59.25 | 66.02 | OK | |
r-devel-linux-x86_64-debian-gcc | 1.0.0 | 5.67 | 43.55 | 49.22 | OK | |
r-devel-linux-x86_64-fedora-clang | 1.0.0 | 87.01 | NOTE | |||
r-devel-linux-x86_64-fedora-gcc | 1.0.0 | 115.85 | NOTE | |||
r-devel-windows-x86_64 | 1.0.0 | 7.00 | 67.00 | 74.00 | OK | |
r-patched-linux-x86_64 | 1.0.0 | 4.56 | 56.14 | 60.70 | OK | |
r-release-linux-x86_64 | 1.0.0 | 4.36 | 54.46 | 58.82 | OK | |
r-release-macos-arm64 | 1.0.0 | 28.00 | OK | |||
r-release-windows-x86_64 | 1.0.0 | 8.00 | 68.00 | 76.00 | OK | |
r-oldrel-macos-arm64 | 1.0.0 | 27.00 | OK | |||
r-oldrel-macos-x86_64 | 1.0.0 | 43.00 | OK | |||
r-oldrel-windows-x86_64 | 1.0.0 | 10.00 | 70.00 | 80.00 | OK |
Version: 1.0.0
Check: dependencies in R code
Result: NOTE
Namespaces in Imports field not imported from:
‘knitr’ ‘tidyverse’ ‘vctrs’
All declared Imports should be used.
Flavors: r-devel-linux-x86_64-fedora-clang, r-devel-linux-x86_64-fedora-gcc