Last updated on 2024-05-09 10:49:46 CEST.
Flavor | Version | Tinstall | Tcheck | Ttotal | Status | Flags |
---|---|---|---|---|---|---|
r-devel-linux-x86_64-debian-clang | 1.1.2 | 11.99 | 70.78 | 82.77 | OK | |
r-devel-linux-x86_64-debian-gcc | 1.1.2 | 9.74 | 53.58 | 63.32 | OK | |
r-devel-linux-x86_64-fedora-clang | 1.1.2 | 101.25 | NOTE | |||
r-devel-linux-x86_64-fedora-gcc | 1.1.2 | 150.35 | NOTE | |||
r-devel-windows-x86_64 | 1.1.2 | 13.00 | 23987.00 | 24000.00 | OK | |
r-patched-linux-x86_64 | 1.1.2 | 10.17 | 68.42 | 78.59 | OK | |
r-release-linux-x86_64 | 1.1.2 | 10.06 | 68.73 | 78.79 | OK | |
r-release-macos-arm64 | 1.1.2 | 36.00 | OK | |||
r-release-windows-x86_64 | 1.1.2 | 12.00 | 77.00 | 89.00 | OK | |
r-oldrel-macos-arm64 | 1.1.2 | 39.00 | OK | |||
r-oldrel-macos-x86_64 | 1.1.2 | 59.00 | OK | |||
r-oldrel-windows-x86_64 | 1.1.2 | 16.00 | 88.00 | 104.00 | OK |
Version: 1.1.2
Check: compiled code
Result: NOTE
File ‘crrSC/libs/crrSC.so’:
Found no calls to: ‘R_registerRoutines’, ‘R_useDynamicSymbols’
It is good practice to register native routines and to disable symbol
search.
See ‘Writing portable packages’ in the ‘Writing R Extensions’ manual.
Flavors: r-devel-linux-x86_64-fedora-clang, r-devel-linux-x86_64-fedora-gcc