Last updated on 2024-05-09 10:49:46 CEST.
Flavor | Version | Tinstall | Tcheck | Ttotal | Status | Flags |
---|---|---|---|---|---|---|
r-devel-linux-x86_64-debian-clang | 0.4.2 | 68.96 | 129.40 | 198.36 | NOTE | |
r-devel-linux-x86_64-debian-gcc | 0.4.2 | 52.84 | 111.36 | 164.20 | NOTE | |
r-devel-linux-x86_64-fedora-clang | 0.4.2 | 254.20 | NOTE | |||
r-devel-linux-x86_64-fedora-gcc | 0.4.2 | 341.77 | NOTE | |||
r-devel-windows-x86_64 | 0.4.2 | 59.00 | 155.00 | 214.00 | NOTE | |
r-patched-linux-x86_64 | 0.4.2 | 63.42 | 143.58 | 207.00 | NOTE | |
r-release-linux-x86_64 | 0.4.2 | 66.52 | 146.72 | 213.24 | NOTE | |
r-release-macos-arm64 | 0.4.2 | 76.00 | NOTE | |||
r-release-windows-x86_64 | 0.4.2 | 62.00 | 148.00 | 210.00 | NOTE | |
r-oldrel-macos-arm64 | 0.4.2 | 104.00 | OK | |||
r-oldrel-macos-x86_64 | 0.4.2 | 229.00 | OK | |||
r-oldrel-windows-x86_64 | 0.4.2 | 59.00 | 185.00 | 244.00 | OK |
Version: 0.4.2
Check: Rd files
Result: NOTE
checkRd: (-1) airbnb.Rd:14: Lost braces in \itemize; meant \describe ?
checkRd: (-1) airbnb.Rd:15: Lost braces in \itemize; meant \describe ?
checkRd: (-1) airbnb.Rd:16: Lost braces in \itemize; meant \describe ?
checkRd: (-1) airbnb_chunks.Rd:12: Lost braces in \itemize; meant \describe ?
checkRd: (-1) airbnb_chunks.Rd:13: Lost braces in \itemize; meant \describe ?
checkRd: (-1) airbnb_chunks.Rd:14: Lost braces in \itemize; meant \describe ?
checkRd: (-1) airbnb_chunks.Rd:15: Lost braces in \itemize; meant \describe ?
checkRd: (-1) airbnb_chunks.Rd:16: Lost braces in \itemize; meant \describe ?
checkRd: (-1) airbnb_chunks.Rd:17: Lost braces in \itemize; meant \describe ?
checkRd: (-1) airbnb_chunks.Rd:18: Lost braces in \itemize; meant \describe ?
checkRd: (-1) airbnb_chunks.Rd:19: Lost braces in \itemize; meant \describe ?
checkRd: (-1) crf.Rd:30: Lost braces in \itemize; meant \describe ?
checkRd: (-1) crf.Rd:31: Lost braces in \itemize; meant \describe ?
checkRd: (-1) crf.Rd:32: Lost braces in \itemize; meant \describe ?
checkRd: (-1) crf.Rd:33: Lost braces in \itemize; meant \describe ?
checkRd: (-1) crf.Rd:34: Lost braces in \itemize; meant \describe ?
checkRd: (-1) crf.Rd:52: Lost braces in \itemize; \value handles \item{}{} directly
checkRd: (-1) crf.Rd:53: Lost braces in \itemize; \value handles \item{}{} directly
checkRd: (-1) crf.Rd:54: Lost braces in \itemize; \value handles \item{}{} directly
checkRd: (-1) crf.Rd:55: Lost braces in \itemize; \value handles \item{}{} directly
checkRd: (-1) crf.Rd:56: Lost braces in \itemize; \value handles \item{}{} directly
checkRd: (-1) crf.Rd:57: Lost braces in \itemize; \value handles \item{}{} directly
checkRd: (-1) crf.Rd:58: Lost braces in \itemize; \value handles \item{}{} directly
checkRd: (-1) crf.Rd:59: Lost braces in \itemize; \value handles \item{}{} directly
checkRd: (-1) crf.Rd:60: Lost braces in \itemize; \value handles \item{}{} directly
checkRd: (-1) crf_options.Rd:14: Lost braces in \itemize; meant \describe ?
checkRd: (-1) crf_options.Rd:15: Lost braces in \itemize; meant \describe ?
checkRd: (-1) crf_options.Rd:16: Lost braces in \itemize; meant \describe ?
checkRd: (-1) crf_options.Rd:17: Lost braces in \itemize; meant \describe ?
checkRd: (-1) crf_options.Rd:18: Lost braces in \itemize; meant \describe ?
checkRd: (-1) crf_options.Rd:24: Lost braces in \itemize; \value handles \item{}{} directly
checkRd: (-1) crf_options.Rd:25: Lost braces in \itemize; \value handles \item{}{} directly
checkRd: (-1) crf_options.Rd:26: Lost braces in \itemize; \value handles \item{}{} directly
checkRd: (-1) crf_options.Rd:27: Lost braces in \itemize; \value handles \item{}{} directly
checkRd: (-1) ner_download_modeldata.Rd:20: Lost braces in \itemize; meant \describe ?
checkRd: (-1) ner_download_modeldata.Rd:21: Lost braces in \itemize; meant \describe ?
checkRd: (-1) ner_download_modeldata.Rd:22: Lost braces in \itemize; meant \describe ?
Flavors: r-devel-linux-x86_64-debian-clang, r-devel-linux-x86_64-debian-gcc, r-devel-linux-x86_64-fedora-clang, r-devel-linux-x86_64-fedora-gcc, r-devel-windows-x86_64, r-patched-linux-x86_64, r-release-linux-x86_64, r-release-macos-arm64, r-release-windows-x86_64