Last updated on 2024-05-09 10:49:46 CEST.
Flavor | Version | Tinstall | Tcheck | Ttotal | Status | Flags |
---|---|---|---|---|---|---|
r-devel-linux-x86_64-debian-clang | 1.1-1 | 2.55 | 23.42 | 25.97 | NOTE | |
r-devel-linux-x86_64-debian-gcc | 1.1-1 | 1.73 | 17.78 | 19.51 | NOTE | |
r-devel-linux-x86_64-fedora-clang | 1.1-1 | 32.39 | NOTE | |||
r-devel-linux-x86_64-fedora-gcc | 1.1-1 | 35.70 | NOTE | |||
r-devel-windows-x86_64 | 1.1-1 | 3.00 | 38.00 | 41.00 | NOTE | |
r-patched-linux-x86_64 | 1.1-1 | 1.71 | 22.47 | 24.18 | NOTE | |
r-release-linux-x86_64 | 1.1-1 | 2.20 | 22.32 | 24.52 | NOTE | |
r-release-macos-arm64 | 1.1-1 | 14.00 | NOTE | |||
r-release-windows-x86_64 | 1.1-1 | 3.00 | 37.00 | 40.00 | NOTE | |
r-oldrel-macos-arm64 | 1.1-1 | 16.00 | NOTE | |||
r-oldrel-macos-x86_64 | 1.1-1 | 18.00 | NOTE | |||
r-oldrel-windows-x86_64 | 1.1-1 | 3.00 | 39.00 | 42.00 | NOTE |
Version: 1.1-1
Check: Rd files
Result: NOTE
checkRd: (-1) cosmoFns-package.Rd:34: Escaped LaTeX specials: \&
Flavors: r-devel-linux-x86_64-debian-clang, r-devel-linux-x86_64-debian-gcc, r-devel-linux-x86_64-fedora-clang, r-devel-linux-x86_64-fedora-gcc, r-devel-windows-x86_64, r-patched-linux-x86_64, r-release-linux-x86_64, r-release-macos-arm64, r-release-windows-x86_64, r-oldrel-macos-arm64, r-oldrel-macos-x86_64, r-oldrel-windows-x86_64