Last updated on 2024-05-09 10:49:45 CEST.
Flavor | Version | Tinstall | Tcheck | Ttotal | Status | Flags |
---|---|---|---|---|---|---|
r-devel-linux-x86_64-debian-clang | 1.3.3 | 32.06 | 363.49 | 395.55 | NOTE | |
r-devel-linux-x86_64-debian-gcc | 1.3.3 | 25.64 | 259.69 | 285.33 | NOTE | |
r-devel-linux-x86_64-fedora-clang | 1.3.3 | 484.10 | NOTE | |||
r-devel-linux-x86_64-fedora-gcc | 1.3.3 | 644.09 | NOTE | |||
r-devel-windows-x86_64 | 1.3.3 | 24.00 | 229.00 | 253.00 | NOTE | |
r-patched-linux-x86_64 | 1.3.3 | 34.55 | 346.49 | 381.04 | NOTE | |
r-release-linux-x86_64 | 1.3.3 | 27.74 | 337.96 | 365.70 | NOTE | |
r-release-macos-arm64 | 1.3.3 | 113.00 | NOTE | |||
r-release-windows-x86_64 | 1.3.3 | 24.00 | 228.00 | 252.00 | NOTE | |
r-oldrel-macos-arm64 | 1.3.3 | 123.00 | OK | |||
r-oldrel-macos-x86_64 | 1.3.3 | 222.00 | OK | |||
r-oldrel-windows-x86_64 | 1.3.3 | 37.00 | 306.00 | 343.00 | OK |
Version: 1.3.3
Check: Rd files
Result: NOTE
checkRd: (-1) getSurface.Rd:22: Lost braces
22 | value \code{getSurface} shortens the output of \code{conv} to remove artificial surface layers. The output is thus a subset of the input, and identical in structure to the /code{conv} output.
| ^
Flavors: r-devel-linux-x86_64-debian-clang, r-devel-linux-x86_64-debian-gcc, r-devel-linux-x86_64-fedora-clang, r-devel-linux-x86_64-fedora-gcc, r-devel-windows-x86_64, r-patched-linux-x86_64, r-release-linux-x86_64, r-release-macos-arm64, r-release-windows-x86_64