Last updated on 2025-10-31 09:50:13 CET.
| Flavor | Version | Tinstall | Tcheck | Ttotal | Status | Flags | 
|---|---|---|---|---|---|---|
| r-devel-linux-x86_64-fedora-clang | 0.2.0 | 77.00 | 154.66 | 231.66 | OK | |
| r-release-macos-arm64 | 0.2.0 | 5.00 | 66.00 | 71.00 | OK | |
| r-release-macos-x86_64 | 0.2.0 | 11.00 | 138.00 | 149.00 | OK | |
| r-oldrel-macos-arm64 | 0.2.0 | 6.00 | 67.00 | 73.00 | NOTE | |
| r-oldrel-macos-x86_64 | 0.2.0 | 12.00 | 157.00 | 169.00 | NOTE | 
Version: 0.2.0
Check: installed package size
Result: NOTE
    installed size is  5.3Mb
    sub-directories of 1Mb or more:
      doc   4.7Mb
Flavors: r-oldrel-macos-arm64, r-oldrel-macos-x86_64