Last updated on 2025-10-21 09:48:28 CEST.
Flavor | Version | Tinstall | Tcheck | Ttotal | Status | Flags |
---|---|---|---|---|---|---|
r-devel-linux-x86_64-debian-clang | 1.5.2 | 152.15 | 254.71 | 406.86 | OK | |
r-devel-linux-x86_64-debian-gcc | 1.5.2 | 98.22 | 156.97 | 255.19 | NOTE | |
r-devel-windows-x86_64 | 1.5.2 | 175.00 | 225.00 | 400.00 | OK | |
r-patched-linux-x86_64 | 1.5.2 | 152.70 | 209.64 | 362.34 | OK | |
r-release-linux-x86_64 | 1.5.2 | 149.88 | 210.03 | 359.91 | OK | |
r-release-macos-arm64 | 1.5.2 | 149.00 | OK | |||
r-release-macos-x86_64 | 1.5.2 | 221.00 | OK | |||
r-release-windows-x86_64 | 1.5.2 | 176.00 | 224.00 | 400.00 | OK | |
r-oldrel-macos-arm64 | 1.5.2 | 150.00 | NOTE | |||
r-oldrel-macos-x86_64 | 1.5.2 | 175.00 | NOTE | |||
r-oldrel-windows-x86_64 | 1.5.2 | 177.00 | 297.00 | 474.00 | NOTE |
Version: 1.5.2
Check: HTML version of manual
Result: NOTE
Found the following HTML validation problems:
Conos.html:183:1 (Conos.Rd:147): Warning: <h5> anchor "Usage" already defined
Conos.html:189:1 (Conos.Rd:151): Warning: <h5> anchor "Arguments" already defined
Conos.html:206:1 (Conos.Rd:162): Warning: <h5> anchor "Returns" already defined
Conos.html:223:1 (Conos.Rd:171): Warning: <h5> anchor "Usage" already defined
Conos.html:263:1 (Conos.Rd:209): Warning: <h5> anchor "Arguments" already defined
Conos.html:346:1 (Conos.Rd:286): Warning: <h5> anchor "Returns" already defined
Conos.html:353:1 (Conos.Rd:289): Warning: <h5> anchor "Examples" already defined
Conos.html:376:1 (Conos.Rd:307): Warning: <h5> anchor "Usage" already defined
Conos.html:390:1 (Conos.Rd:319): Warning: <h5> anchor "Arguments" already defined
Conos.html:415:1 (Conos.Rd:338): Warning: <h5> anchor "Returns" already defined
Conos.html:432:1 (Conos.Rd:347): Warning: <h5> anchor "Usage" already defined
Conos.html:449:1 (Conos.Rd:362): Warning: <h5> anchor "Arguments" already defined
Conos.html:480:1 (Conos.Rd:387): Warning: <h5> anchor "Returns" already defined
Conos.html:487:1 (Conos.Rd:390): Warning: <h5> anchor "Examples" already defined
Conos.html:510:1 (Conos.Rd:408): Warning: <h5> anchor "Usage" already defined
Conos.html:527:1 (Conos.Rd:423): Warning: <h5> anchor "Arguments" already defined
Conos.html:559:1 (Conos.Rd:449): Warning: <h5> anchor "Returns" already defined
Conos.html:576:1 (Conos.Rd:458): Warning: <h5> anchor "Usage" already defined
Conos.html:594:1 (Conos.Rd:474): Warning: <h5> anchor "Arguments" already defined
Conos.html:641:1 (Conos.Rd:511): Warning: <h5> anchor "Usage" already defined
Conos.html:647:1 (Conos.Rd:515): Warning: <h5> anchor "Arguments" already defined
Conos.html:662:1 (Conos.Rd:524): Warning: <h5> anchor "Returns" already defined
Conos.html:679:1 (Conos.Rd:533): Warning: <h5> anchor "Usage" already defined
Conos.html:695:1 (Conos.Rd:547): Warning: <h5> anchor "Arguments" already defined
Conos.html:724:1 (Conos.Rd:570): Warning: <h5> anchor "Returns" already defined
Conos.html:742:1 (Conos.Rd:580): Warning: <h5> anchor "Usage" already defined
Conos.html:759:1 (Conos.Rd:595): Warning: <h5> anchor "Arguments" already defined
Conos.html:790:1 (Conos.Rd:620): Warning: <h5> anchor "Returns" already defined
Conos.html:811:1 (Conos.Rd:633): Warning: <h5> anchor "Usage" already defined
Conos.html:817:1 (Conos.Rd:637): Warning: <h5> anchor "Arguments" already defined
Conos.html:835:1 (Conos.Rd:649): Warning: <h5> anchor "Returns" already defined
Conos.html:855:1 (Conos.Rd:661): Warning: <h5> anchor "Usage" already defined
Conos.html:866:1 (Conos.Rd:670): Warning: <h5> anchor "Arguments" already defined
Conos.html:885:1 (Conos.Rd:683): Warning: <h5> anchor "Returns" already defined
Conos.html:902:1 (Conos.Rd:692): Warning: <h5> anchor "Usage" already defined
Conos.html:908:1 (Conos.Rd:696): Warning: <h5> anchor "Returns" already defined
Conos.html:915:1 (Conos.Rd:699): Warning: <h5> anchor "Examples" already defined
Conos.html:936:1 (Conos.Rd:715): Warning: <h5> anchor "Usage" already defined
Conos.html:942:1 (Conos.Rd:719): Warning: <h5> anchor "Arguments" already defined
Conos.html:955:1 (Conos.Rd:726): Warning: <h5> anchor "Returns" already defined
Conos.html:962:1 (Conos.Rd:729): Warning: <h5> anchor "Examples" already defined
Conos.html:983:1 (Conos.Rd:745): Warning: <h5> anchor "Usage" already defined
Conos.html:989:1 (Conos.Rd:749): Warning: <h5> anchor "Arguments" already defined
edgeMat.html:72:1 (edgeMat.Rd:33): Warning: missing </ul> before </div>
getCellNames.html:58:1 (getCellNames.Rd:22): Warning: missing </ul> before </div>
getClustering.html:62:1 (getClustering.Rd:24): Warning: missing </ul> before </div>
getCountMatrix.html:59:1 (getCountMatrix.Rd:21): Warning: missing </ul> before </div>
getEmbedding.html:62:1 (getEmbedding.Rd:24): Warning: missing </ul> before </div>
getGeneExpression.html:62:1 (getGeneExpression.Rd:24): Warning: missing </ul> before </div>
getGenes.html:58:1 (getGenes.Rd:22): Warning: missing </ul> before </div>
getOdGenesUniformly.html:50:1 (getOdGenesUniformly.Rd:12): Warning: missing </ul> before </div>
getOverdispersedGenes.html:62:1 (getOverdispersedGenes.Rd:24): Warning: missing </ul> before </div>
getPca.html:55:1 (getPca.Rd:19): Warning: missing </ul> before </div>
getRawCountMatrix.html:62:1 (getRawCountMatrix.Rd:24): Warning: missing </ul> before </div>
namedNames.html:50:1 (namedNames.Rd:12): Warning: missing </ul> before </div>
propagateLabelsDiffusion.html:75:1 (propagateLabelsDiffusion.Rd:29): Warning: missing </ul> before </div>
quickCCA.html:79:1 (quickCCA.Rd:31): Warning: missing </ul> before </div>
saveDEasCSV.html:54:1 (saveDEasCSV.Rd:14): Warning: missing </ul> before </div>
Flavor: r-devel-linux-x86_64-debian-gcc
Version: 1.5.2
Check: package dependencies
Result: NOTE
Packages suggested but not available for checking:
'conosPanel', 'org.Mm.eg.db', 'p2data'
Flavor: r-oldrel-macos-arm64
Version: 1.5.2
Check: installed package size
Result: NOTE
installed size is 11.2Mb
sub-directories of 1Mb or more:
libs 9.4Mb
Flavors: r-oldrel-macos-arm64, r-oldrel-macos-x86_64
Version: 1.5.2
Check: package dependencies
Result: NOTE
Packages suggested but not available for checking: 'conosPanel', 'p2data'
Flavors: r-oldrel-macos-x86_64, r-oldrel-windows-x86_64