Last updated on 2025-10-31 09:50:13 CET.
| Flavor | Version | Tinstall | Tcheck | Ttotal | Status | Flags | 
|---|---|---|---|---|---|---|
| r-devel-linux-x86_64-debian-clang | 0.2 | 1.92 | 23.07 | 24.99 | NOTE | |
| r-devel-linux-x86_64-debian-gcc | 0.2 | 1.47 | 17.82 | 19.29 | NOTE | |
| r-devel-linux-x86_64-fedora-clang | 0.2 | 37.77 | OK | |||
| r-devel-linux-x86_64-fedora-gcc | 0.2 | 130.65 | OK | |||
| r-devel-windows-x86_64 | 0.2 | 4.00 | 41.00 | 45.00 | OK | |
| r-patched-linux-x86_64 | 0.2 | 1.63 | 21.65 | 23.28 | OK | |
| r-release-linux-x86_64 | 0.2 | 1.67 | 21.97 | 23.64 | OK | |
| r-release-macos-arm64 | 0.2 | 1.00 | 37.00 | 38.00 | OK | |
| r-release-macos-x86_64 | 0.2 | 2.00 | 88.00 | 90.00 | OK | |
| r-release-windows-x86_64 | 0.2 | 4.00 | 43.00 | 47.00 | OK | |
| r-oldrel-macos-arm64 | 0.2 | 1.00 | 40.00 | 41.00 | NOTE | |
| r-oldrel-macos-x86_64 | 0.2 | 1.00 | 68.00 | 69.00 | NOTE | |
| r-oldrel-windows-x86_64 | 0.2 | 3.00 | 48.00 | 51.00 | NOTE | 
Version: 0.2
Check: CRAN incoming feasibility
Result: NOTE
  Maintainer: ‘Jesse Hemerik <j.b.a.hemerik@lumc.nl>’
  
  No Authors@R field in DESCRIPTION.
  Please add one, modifying
    Authors@R: c(person(given = "Jesse",
                        family = "Hemerik",
                        role = c("aut", "cre"),
                        email = "j.b.a.hemerik@lumc.nl"),
                 person(given = "Jelle",
                        family = "Goeman",
                        role = "aut"))
  as necessary.
Flavors: r-devel-linux-x86_64-debian-clang, r-devel-linux-x86_64-debian-gcc
Version: 0.2
Check: LazyData
Result: NOTE
    'LazyData' is specified without a 'data' directory
Flavors: r-oldrel-macos-arm64, r-oldrel-macos-x86_64, r-oldrel-windows-x86_64