CRAN Package Check Results for Package condvis

Last updated on 2025-10-22 09:50:29 CEST.

Flavor Version Tinstall Tcheck Ttotal Status Flags
r-devel-linux-x86_64-debian-clang 0.5-1 6.18 50.62 56.80 NOTE
r-devel-linux-x86_64-debian-gcc 0.5-1 4.75 35.84 40.59 NOTE
r-devel-linux-x86_64-fedora-clang 0.5-1 60.11 OK
r-devel-linux-x86_64-fedora-gcc 0.5-1 13.00 65.39 78.39 OK
r-devel-windows-x86_64 0.5-1 7.00 65.00 72.00 OK
r-patched-linux-x86_64 0.5-1 6.43 46.71 53.14 NOTE
r-release-linux-x86_64 0.5-1 6.27 46.72 52.99 NOTE
r-release-macos-arm64 0.5-1 2.00 25.00 27.00 OK
r-release-macos-x86_64 0.5-1 4.00 44.00 48.00 OK
r-release-windows-x86_64 0.5-1 7.00 67.00 74.00 OK
r-oldrel-macos-arm64 0.5-1 2.00 27.00 29.00 OK
r-oldrel-macos-x86_64 0.5-1 4.00 35.00 39.00 OK
r-oldrel-windows-x86_64 0.5-1 9.00 77.00 86.00 OK

Check Details

Version: 0.5-1
Check: for unstated dependencies in ‘demo’
Result: NOTE 'library' or 'require' call not declared from: ‘e1071’ Flavors: r-devel-linux-x86_64-debian-clang, r-devel-linux-x86_64-debian-gcc, r-patched-linux-x86_64, r-release-linux-x86_64

Version: 0.5-1
Check: HTML version of manual
Result: NOTE Found the following HTML validation problems: interpolate.html:67:1 (interpolate.Rd:27): Warning: missing </ul> before </div> Flavors: r-devel-linux-x86_64-debian-clang, r-devel-linux-x86_64-debian-gcc