Last updated on 2025-10-31 09:50:13 CET.
| Flavor | Version | Tinstall | Tcheck | Ttotal | Status | Flags | 
|---|---|---|---|---|---|---|
| r-devel-linux-x86_64-debian-clang | 1.0.2 | 6.92 | 78.08 | 85.00 | NOTE | |
| r-devel-linux-x86_64-debian-gcc | 1.0.2 | 4.60 | 52.69 | 57.29 | NOTE | |
| r-devel-linux-x86_64-fedora-clang | 1.0.2 | 15.00 | 116.03 | 131.03 | OK | |
| r-devel-linux-x86_64-fedora-gcc | 1.0.2 | 15.00 | 110.18 | 125.18 | OK | |
| r-devel-windows-x86_64 | 1.0.2 | 9.00 | 88.00 | 97.00 | OK | |
| r-patched-linux-x86_64 | 1.0.2 | 6.61 | 71.76 | 78.37 | OK | |
| r-release-linux-x86_64 | 1.0.2 | 7.69 | 72.50 | 80.19 | OK | |
| r-release-macos-arm64 | 1.0.2 | 4.00 | 36.00 | 40.00 | OK | |
| r-release-macos-x86_64 | 1.0.2 | 6.00 | 50.00 | 56.00 | OK | |
| r-release-windows-x86_64 | 1.0.2 | 10.00 | 82.00 | 92.00 | OK | |
| r-oldrel-macos-arm64 | 1.0.2 | 3.00 | 29.00 | 32.00 | OK | |
| r-oldrel-macos-x86_64 | 1.0.2 | 5.00 | 42.00 | 47.00 | OK | |
| r-oldrel-windows-x86_64 | 1.0.2 | 12.00 | 105.00 | 117.00 | OK | 
Version: 1.0.2
Check: CRAN incoming feasibility
Result: NOTE
  Maintainer: ‘Hui Zhang <hzhang@northwestern.edu>’
  
  No Authors@R field in DESCRIPTION.
  Please add one, modifying
    Authors@R: c(person(given = "Jiahui",
                        family = "Xu",
                        role = "aut"),
                 person(given = "Xueyan",
                        family = "Liu",
                        role = "aut"),
                 person(given = "Lin",
                        family = "Li",
                        role = "aut"),
                 person(given = "Cheng",
                        family = "Cheng",
                        role = "aut"),
                 person(given = "Hui",
                        family = "Zhang",
                        role = c("aut", "cre"),
                        email = "hzhang@northwestern.edu"))
  as necessary.
Flavors: r-devel-linux-x86_64-debian-clang, r-devel-linux-x86_64-debian-gcc