Last updated on 2025-11-22 09:49:49 CET.
| Flavor | Version | Tinstall | Tcheck | Ttotal | Status | Flags |
|---|---|---|---|---|---|---|
| r-devel-linux-x86_64-debian-clang | 1.1.1 | 1.79 | 25.27 | 27.06 | OK | |
| r-devel-linux-x86_64-debian-gcc | 1.1.1 | 1.43 | 20.80 | 22.23 | OK | |
| r-devel-linux-x86_64-fedora-clang | 1.1.1 | 38.71 | NOTE | |||
| r-devel-windows-x86_64 | 1.1.1 | 5.00 | 49.00 | 54.00 | OK | |
| r-patched-linux-x86_64 | 1.1.1 | 1.81 | 22.63 | 24.44 | OK | |
| r-release-linux-x86_64 | 1.1.1 | 1.63 | 22.68 | 24.31 | OK | |
| r-release-macos-arm64 | 1.1.1 | OK | ||||
| r-release-macos-x86_64 | 1.1.1 | 2.00 | 24.00 | 26.00 | OK | |
| r-release-windows-x86_64 | 1.1.1 | 3.00 | 41.00 | 44.00 | OK | |
| r-oldrel-macos-arm64 | 1.1.1 | NOTE | ||||
| r-oldrel-macos-x86_64 | 1.1.1 | 1.00 | 21.00 | 22.00 | NOTE | |
| r-oldrel-windows-x86_64 | 1.1.1 | 5.00 | 46.00 | 51.00 | NOTE |
Version: 1.1.1
Check: dependencies in R code
Result: NOTE
Namespace in Imports field not imported from: ‘tibble’
All declared Imports should be used.
Flavor: r-devel-linux-x86_64-fedora-clang
Version: 1.1.1
Check: LazyData
Result: NOTE
'LazyData' is specified without a 'data' directory
Flavors: r-oldrel-macos-arm64, r-oldrel-macos-x86_64, r-oldrel-windows-x86_64