Last updated on 2025-10-31 09:50:13 CET.
| Flavor | Version | Tinstall | Tcheck | Ttotal | Status | Flags | 
|---|---|---|---|---|---|---|
| r-devel-linux-x86_64-debian-clang | 1.1.0 | 103.69 | 329.31 | 433.00 | NOTE | |
| r-devel-linux-x86_64-debian-gcc | 1.1.0 | 62.55 | 203.88 | 266.43 | NOTE | |
| r-devel-linux-x86_64-fedora-clang | 1.1.0 | 204.00 | 540.29 | 744.29 | NOTE | |
| r-devel-linux-x86_64-fedora-gcc | 1.1.0 | 166.00 | 530.96 | 696.96 | NOTE | |
| r-devel-windows-x86_64 | 1.1.0 | 122.00 | 334.00 | 456.00 | NOTE | |
| r-patched-linux-x86_64 | 1.1.0 | 101.45 | 316.43 | 417.88 | NOTE | |
| r-release-linux-x86_64 | 1.1.0 | 103.02 | 319.11 | 422.13 | NOTE | |
| r-release-macos-arm64 | 1.1.0 | 36.00 | 149.00 | 185.00 | NOTE | |
| r-release-macos-x86_64 | 1.1.0 | 38.00 | 340.00 | 378.00 | NOTE | |
| r-release-windows-x86_64 | 1.1.0 | 123.00 | 332.00 | 455.00 | NOTE | |
| r-oldrel-macos-arm64 | 1.1.0 | 41.00 | 140.00 | 181.00 | NOTE | |
| r-oldrel-macos-x86_64 | 1.1.0 | 33.00 | 247.00 | 280.00 | NOTE | |
| r-oldrel-windows-x86_64 | 1.1.0 | 142.00 | 474.00 | 616.00 | NOTE | 
Version: 1.1.0
Check: CRAN incoming feasibility
Result: NOTE
  Maintainer: ‘Haotian Xu <haotian.xu@uclouvain.be>’
  
  The Description field contains
    <arXiv:2006.03283>; 2) univariate polynomials:
    <doi:10.1214/20-AOS1953>, <arXiv:2101.05477>, <arXiv:2110.06450>; 6)
    high-dimensional linear regression models: <arXiv:2010.10410>,
    <arXiv:2207.12453>; 7) high-dimensional vector autoregressive models:
    <arXiv:1909.06359>; 8) high-dimensional self exciting point processes:
    <arXiv:2006.03572>; 9) dependent dynamic nonparametric random dot
    product graphs: <arXiv:1911.07494>; 10) univariate mean against
    adversarial attacks: <arXiv:2105.10417>.
  Please refer to arXiv e-prints via their arXiv DOI <doi:10.48550/arXiv.YYMM.NNNNN>.
Flavors: r-devel-linux-x86_64-debian-clang, r-devel-linux-x86_64-debian-gcc
Version: 1.1.0
Check: Rd files
Result: NOTE
  checkRd: (-1) Hausdorff.dist.Rd:10: Lost braces; missing escapes or markup?
      10 | \item{vec1}{A \code{integer} vector forms a subset of {1, 2, ..., n}.}
         |                                                       ^
  checkRd: (-1) Hausdorff.dist.Rd:12: Lost braces; missing escapes or markup?
      12 | \item{vec2}{A \code{integer} vector forms a subset of {1, 2, ..., n}.}
         |                                                       ^
  checkRd: (-1) online.univar.multi.Rd:47-57: Lost braces
      47 | online.univar.one2 = function(y_vec, gamma, tau_gamma, ...){
         |                                                            ^
  checkRd: (-1) online.univar.multi.Rd:50-55: Lost braces
      50 |   while(FLAG == 0 & t <= length(y_vec)){
         |                                        ^
  checkRd: (-1) online.univar.multi.Rd:71-89: Lost braces
      71 | online.univar.one3 = function(y_vec, tau_vec, ...){
         |                                                   ^
  checkRd: (-1) online.univar.multi.Rd:72-74: Lost braces
      72 |   if(length(y_vec) != length(tau_vec)){
         |                                       ^
  checkRd: (-1) online.univar.multi.Rd:77-87: Lost braces
      77 |   while(FLAG == 0 & t <= length(y_vec)){
         |                                        ^
  checkRd: (-1) online.univar.multi.Rd:81-86: Lost braces
      81 |     while(j < J & FLAG == 0){
         |                             ^
Flavors: r-devel-linux-x86_64-debian-clang, r-devel-linux-x86_64-debian-gcc, r-devel-linux-x86_64-fedora-clang, r-devel-linux-x86_64-fedora-gcc, r-devel-windows-x86_64, r-patched-linux-x86_64, r-release-linux-x86_64, r-release-macos-arm64, r-release-macos-x86_64, r-release-windows-x86_64, r-oldrel-macos-arm64, r-oldrel-macos-x86_64, r-oldrel-windows-x86_64
Version: 1.1.0
Check: installed package size
Result: NOTE
    installed size is  6.1Mb
    sub-directories of 1Mb or more:
      libs   5.5Mb
Flavors: r-oldrel-macos-arm64, r-oldrel-macos-x86_64