Last updated on 2025-10-30 09:49:45 CET.
| Flavor | Version | Tinstall | Tcheck | Ttotal | Status | Flags | 
|---|---|---|---|---|---|---|
| r-devel-linux-x86_64-debian-clang | 1.7 | 2.37 | 31.63 | 34.00 | NOTE | |
| r-devel-linux-x86_64-debian-gcc | 1.7 | 1.68 | 24.43 | 26.11 | NOTE | |
| r-devel-linux-x86_64-fedora-clang | 1.7 | 49.79 | OK | |||
| r-devel-linux-x86_64-fedora-gcc | 1.7 | 44.34 | OK | |||
| r-devel-windows-x86_64 | 1.7 | 3.00 | 54.00 | 57.00 | OK | |
| r-patched-linux-x86_64 | 1.7 | 2.17 | 29.76 | 31.93 | OK | |
| r-release-linux-x86_64 | 1.7 | 2.28 | 30.05 | 32.33 | OK | |
| r-release-macos-arm64 | 1.7 | 1.00 | 19.00 | 20.00 | OK | |
| r-release-macos-x86_64 | 1.7 | 3.00 | 35.00 | 38.00 | OK | |
| r-release-windows-x86_64 | 1.7 | 3.00 | 60.00 | 63.00 | OK | |
| r-oldrel-macos-arm64 | 1.7 | 1.00 | 18.00 | 19.00 | OK | |
| r-oldrel-macos-x86_64 | 1.7 | 3.00 | 29.00 | 32.00 | OK | |
| r-oldrel-windows-x86_64 | 1.7 | 3.00 | 55.00 | 58.00 | OK | 
Version: 1.7
Check: CRAN incoming feasibility
Result: NOTE
  Maintainer: ‘Mohit Dayal <mohitdayal2000@gmail.com>’
  
  No Authors@R field in DESCRIPTION.
  Please add one, modifying
    Authors@R: person(given = "Mohit",
                      family = "Dayal",
                      role = c("aut", "cre"),
                      email = "mohitdayal2000@gmail.com")
  as necessary.
Flavors: r-devel-linux-x86_64-debian-clang, r-devel-linux-x86_64-debian-gcc