Last updated on 2024-05-09 10:49:44 CEST.
Flavor | Version | Tinstall | Tcheck | Ttotal | Status | Flags |
---|---|---|---|---|---|---|
r-devel-linux-x86_64-debian-clang | 0.5.0 | 6.98 | 91.50 | 98.48 | NOTE | |
r-devel-linux-x86_64-debian-gcc | 0.5.0 | 5.81 | 65.24 | 71.05 | NOTE | |
r-devel-linux-x86_64-fedora-clang | 0.5.0 | 121.32 | NOTE | |||
r-devel-linux-x86_64-fedora-gcc | 0.5.0 | 280.82 | NOTE | |||
r-devel-windows-x86_64 | 0.5.0 | 7.00 | 85.00 | 92.00 | NOTE | |
r-patched-linux-x86_64 | 0.5.0 | 5.48 | 83.36 | 88.84 | NOTE | |
r-release-linux-x86_64 | 0.5.0 | 4.67 | 85.07 | 89.74 | NOTE | |
r-release-macos-arm64 | 0.5.0 | 66.00 | NOTE | |||
r-release-windows-x86_64 | 0.5.0 | 8.00 | 87.00 | 95.00 | NOTE | |
r-oldrel-macos-arm64 | 0.5.0 | 56.00 | OK | |||
r-oldrel-macos-x86_64 | 0.5.0 | 129.00 | OK | |||
r-oldrel-windows-x86_64 | 0.5.0 | 10.00 | 98.00 | 108.00 | OK |
Version: 0.5.0
Check: Rd files
Result: NOTE
checkRd: (-1) cbc_design.Rd:160: Lost braces; missing escapes or markup?
160 | see \code{?DoE.base::fac.design} as well as the JSS article on the {DoE.base}
| ^
checkRd: (-1) cbc_design.Rd:174: Lost braces; missing escapes or markup?
174 | well as the JSS article on the {DoE.base} package (Grömping, 2018).
| ^
checkRd: (-1) cbc_design.Rd:197: Lost braces; missing escapes or markup?
197 | {idefix} package (Traets et al, 2020).
| ^
checkRd: (-1) cbc_power.Rd:70: Lost braces; missing escapes or markup?
70 | estimation. See the {logitr} documentation for details about other
| ^
Flavors: r-devel-linux-x86_64-debian-clang, r-devel-linux-x86_64-debian-gcc, r-devel-linux-x86_64-fedora-clang, r-devel-linux-x86_64-fedora-gcc, r-devel-windows-x86_64, r-patched-linux-x86_64, r-release-linux-x86_64, r-release-macos-arm64, r-release-windows-x86_64