Last updated on 2024-05-09 10:49:45 CEST.
Flavor | Version | Tinstall | Tcheck | Ttotal | Status | Flags |
---|---|---|---|---|---|---|
r-devel-linux-x86_64-debian-clang | 1.1.1 | 4.80 | 34.33 | 39.13 | NOTE | |
r-devel-linux-x86_64-debian-gcc | 1.1.1 | 3.08 | 25.87 | 28.95 | NOTE | |
r-devel-linux-x86_64-fedora-clang | 1.1.1 | 48.88 | NOTE | |||
r-devel-linux-x86_64-fedora-gcc | 1.1.1 | 52.60 | NOTE | |||
r-devel-windows-x86_64 | 1.1.1 | 4.00 | 55.00 | 59.00 | OK | |
r-patched-linux-x86_64 | 1.1.1 | 4.04 | 31.95 | 35.99 | NOTE | |
r-release-linux-x86_64 | 1.1.1 | 3.29 | 32.21 | 35.50 | NOTE | |
r-release-macos-arm64 | 1.1.1 | 18.00 | NOTE | |||
r-release-windows-x86_64 | 1.1.1 | 5.00 | 54.00 | 59.00 | OK | |
r-oldrel-macos-arm64 | 1.1.1 | 18.00 | OK | |||
r-oldrel-macos-x86_64 | 1.1.1 | 26.00 | OK | |||
r-oldrel-windows-x86_64 | 1.1.1 | 5.00 | 53.00 | 58.00 | OK |
Version: 1.1.1
Check: package dependencies
Result: NOTE
Package suggested but not available for checking: ‘bvpSolve’
Flavors: r-devel-linux-x86_64-debian-clang, r-devel-linux-x86_64-debian-gcc, r-devel-linux-x86_64-fedora-clang, r-devel-linux-x86_64-fedora-gcc, r-patched-linux-x86_64, r-release-linux-x86_64, r-release-macos-arm64