Last updated on 2024-05-09 10:49:44 CEST.
Flavor | Version | Tinstall | Tcheck | Ttotal | Status | Flags |
---|---|---|---|---|---|---|
r-devel-linux-x86_64-debian-clang | 2.0.3 | 108.78 | 81.13 | 189.91 | OK | |
r-devel-linux-x86_64-debian-gcc | 2.0.3 | 73.82 | 57.86 | 131.68 | OK | |
r-devel-linux-x86_64-fedora-clang | 2.0.3 | 257.74 | OK | |||
r-devel-linux-x86_64-fedora-gcc | 2.0.3 | 304.44 | OK | |||
r-devel-windows-x86_64 | 2.0.3 | 78.00 | 105.00 | 183.00 | OK | |
r-patched-linux-x86_64 | 2.0.3 | 62.14 | 76.36 | 138.50 | OK | |
r-release-linux-x86_64 | 2.0.3 | 69.43 | 78.12 | 147.55 | OK | |
r-release-macos-arm64 | 2.0.3 | 58.00 | OK | |||
r-release-windows-x86_64 | 2.0.3 | 73.00 | 103.00 | 176.00 | OK | |
r-oldrel-macos-arm64 | 2.0.3 | 66.00 | OK | |||
r-oldrel-macos-x86_64 | 2.0.3 | 93.00 | NOTE | |||
r-oldrel-windows-x86_64 | 2.0.3 | 89.00 | 123.00 | 212.00 | OK |
Version: 2.0.3
Check: installed package size
Result: NOTE
installed size is 5.1Mb
sub-directories of 1Mb or more:
libs 4.6Mb
Flavor: r-oldrel-macos-x86_64