Last updated on 2025-11-20 11:51:05 CET.
| Flavor | Version | Tinstall | Tcheck | Ttotal | Status | Flags |
|---|---|---|---|---|---|---|
| r-devel-linux-x86_64-debian-clang | 1.2.0 | 4.59 | 56.58 | 61.17 | WARN | |
| r-devel-linux-x86_64-debian-gcc | 1.2.0 | 3.17 | 44.17 | 47.34 | WARN | |
| r-devel-linux-x86_64-fedora-clang | 1.2.0 | 10.00 | 88.81 | 98.81 | WARN | |
| r-devel-linux-x86_64-fedora-gcc | 1.2.0 | 11.00 | 98.70 | 109.70 | WARN | |
| r-devel-windows-x86_64 | 1.2.0 | 14.00 | 78.00 | 92.00 | WARN | |
| r-patched-linux-x86_64 | 1.2.0 | 4.88 | 52.30 | 57.18 | NOTE | |
| r-release-linux-x86_64 | 1.2.0 | 3.87 | 53.55 | 57.42 | NOTE | |
| r-release-macos-arm64 | 1.2.0 | NOTE | ||||
| r-release-macos-x86_64 | 1.2.0 | 7.00 | 75.00 | 82.00 | NOTE | |
| r-release-windows-x86_64 | 1.2.0 | 9.00 | 76.00 | 85.00 | NOTE | |
| r-oldrel-macos-arm64 | 1.2.0 | OK | ||||
| r-oldrel-macos-x86_64 | 1.2.0 | 6.00 | 95.00 | 101.00 | OK | |
| r-oldrel-windows-x86_64 | 1.2.0 | 8.00 | 91.00 | 99.00 | OK |
Version: 1.2.0
Check: compiled code
Result: WARN
File ‘box/libs/box.so’:
Found non-API calls to R: ‘ENVFLAGS’, ‘SET_ENVFLAGS’
These entry points may be removed soon:
‘ENVFLAGS’, ‘SET_ENVFLAGS’
Compiled code should not call non-API entry points in R.
See ‘Writing portable packages’ in the ‘Writing R Extensions’ manual,
and section ‘Moving into C API compliance’ for issues with the use of
non-API entry points.
Flavors: r-devel-linux-x86_64-debian-clang, r-devel-linux-x86_64-debian-gcc, r-devel-linux-x86_64-fedora-clang, r-devel-linux-x86_64-fedora-gcc
Version: 1.2.0
Check: compiled code
Result: WARN
File 'box/libs/x64/box.dll':
Found non-API calls to R: 'ENVFLAGS', 'SET_ENVFLAGS'
These entry points may be removed soon:
'ENVFLAGS', 'SET_ENVFLAGS'
Compiled code should not call non-API entry points in R.
See 'Writing portable packages' in the 'Writing R Extensions' manual,
and section 'Moving into C API compliance' for issues with the use of
non-API entry points.
Flavor: r-devel-windows-x86_64
Version: 1.2.0
Check: compiled code
Result: NOTE
File ‘box/libs/box.so’:
Found non-API calls to R: ‘ENVFLAGS’, ‘SET_ENVFLAGS’
Compiled code should not call non-API entry points in R.
See ‘Writing portable packages’ in the ‘Writing R Extensions’ manual,
and section ‘Moving into C API compliance’ for issues with the use of
non-API entry points.
Flavors: r-patched-linux-x86_64, r-release-linux-x86_64, r-release-macos-arm64, r-release-macos-x86_64
Version: 1.2.0
Check: compiled code
Result: NOTE
File 'box/libs/x64/box.dll':
Found non-API calls to R: 'ENVFLAGS', 'SET_ENVFLAGS'
Compiled code should not call non-API entry points in R.
See 'Writing portable packages' in the 'Writing R Extensions' manual,
and section 'Moving into C API compliance' for issues with the use of
non-API entry points.
Flavor: r-release-windows-x86_64