Last updated on 2024-05-09 10:49:43 CEST.
Flavor | Version | Tinstall | Tcheck | Ttotal | Status | Flags |
---|---|---|---|---|---|---|
r-devel-linux-x86_64-debian-clang | 0.3.0 | 3.11 | 41.98 | 45.09 | OK | |
r-devel-linux-x86_64-debian-gcc | 0.3.0 | 3.09 | 31.96 | 35.05 | OK | |
r-devel-linux-x86_64-fedora-clang | 0.3.0 | 60.93 | NOTE | |||
r-devel-linux-x86_64-fedora-gcc | 0.3.0 | 65.63 | NOTE | |||
r-devel-windows-x86_64 | 0.3.0 | 5.00 | 56.00 | 61.00 | OK | |
r-patched-linux-x86_64 | 0.3.0 | 3.83 | 41.84 | 45.67 | OK | |
r-release-linux-x86_64 | 0.3.0 | 3.44 | 40.02 | 43.46 | OK | |
r-release-macos-arm64 | 0.3.0 | 23.00 | OK | |||
r-release-macos-x86_64 | 0.3.0 | 34.00 | OK | |||
r-release-windows-x86_64 | 0.3.0 | 6.00 | 56.00 | 62.00 | OK | |
r-oldrel-macos-arm64 | 0.3.0 | 22.00 | OK | |||
r-oldrel-macos-x86_64 | 0.3.0 | 28.00 | OK | |||
r-oldrel-windows-x86_64 | 0.3.0 | 6.00 | 60.00 | 66.00 | OK |
Version: 0.3.0
Check: dependencies in R code
Result: NOTE
Namespaces in Imports field not imported from:
‘Rgraphviz’ ‘fastDummies’
All declared Imports should be used.
Flavors: r-devel-linux-x86_64-fedora-clang, r-devel-linux-x86_64-fedora-gcc