Last updated on 2025-11-21 09:48:57 CET.
| Flavor | Version | Tinstall | Tcheck | Ttotal | Status | Flags |
|---|---|---|---|---|---|---|
| r-devel-linux-x86_64-debian-clang | 1.0 | 2.11 | 23.78 | 25.89 | NOTE | |
| r-devel-linux-x86_64-debian-gcc | 1.0 | 1.56 | 19.20 | 20.76 | NOTE | |
| r-devel-linux-x86_64-fedora-clang | 1.0 | 38.94 | OK | |||
| r-devel-linux-x86_64-fedora-gcc | 1.0 | 34.38 | OK | |||
| r-devel-windows-x86_64 | 1.0 | 3.00 | 45.00 | 48.00 | OK | |
| r-patched-linux-x86_64 | 1.0 | 2.28 | 21.85 | 24.13 | OK | |
| r-release-linux-x86_64 | 1.0 | 1.94 | 21.65 | 23.59 | OK | |
| r-release-macos-arm64 | 1.0 | OK | ||||
| r-release-macos-x86_64 | 1.0 | 2.00 | 24.00 | 26.00 | OK | |
| r-release-windows-x86_64 | 1.0 | 4.00 | 50.00 | 54.00 | OK | |
| r-oldrel-macos-arm64 | 1.0 | OK | ||||
| r-oldrel-macos-x86_64 | 1.0 | 2.00 | 23.00 | 25.00 | OK | |
| r-oldrel-windows-x86_64 | 1.0 | 3.00 | 44.00 | 47.00 | OK |
Version: 1.0
Check: CRAN incoming feasibility
Result: NOTE
Maintainer: ‘Emanuele Cordano <emanuele.cordano@gmail.com>’
No Authors@R field in DESCRIPTION.
Please add one, modifying
Authors@R: person(given = "Emanuele",
family = "Cordano",
role = c("aut", "cre"),
email = "emanuele.cordano@gmail.com")
as necessary.
The Description field contains
(http://en.wikipedia.org/wiki/Block_matrix). The block matrix is here
Please enclose URLs in angle brackets (<...>).
Flavors: r-devel-linux-x86_64-debian-clang, r-devel-linux-x86_64-debian-gcc