Last updated on 2024-05-09 10:49:43 CEST.
Flavor | Version | Tinstall | Tcheck | Ttotal | Status | Flags |
---|---|---|---|---|---|---|
r-devel-linux-x86_64-debian-clang | 0.1.5 | 2.93 | 166.17 | 169.10 | OK | |
r-devel-linux-x86_64-debian-gcc | 0.1.5 | 2.12 | 101.98 | 104.10 | OK | |
r-devel-linux-x86_64-fedora-clang | 0.1.5 | 190.55 | NOTE | |||
r-devel-linux-x86_64-fedora-gcc | 0.1.5 | 197.23 | OK | |||
r-devel-windows-x86_64 | 0.1.5 | 3.00 | 101.00 | 104.00 | OK | |
r-patched-linux-x86_64 | 0.1.5 | 3.16 | 151.84 | 155.00 | OK | |
r-release-linux-x86_64 | 0.1.5 | 2.50 | 145.46 | 147.96 | OK | |
r-release-macos-arm64 | 0.1.5 | 57.00 | OK | |||
r-release-windows-x86_64 | 0.1.5 | 4.00 | 101.00 | 105.00 | OK | |
r-oldrel-macos-arm64 | 0.1.5 | 56.00 | OK | |||
r-oldrel-macos-x86_64 | 0.1.5 | 94.00 | OK | |||
r-oldrel-windows-x86_64 | 0.1.5 | 4.00 | 151.00 | 155.00 | OK |
Version: 0.1.5
Check: Rd cross-references
Result: NOTE
Undeclared package ‘np’ in Rd xrefs
Flavor: r-devel-linux-x86_64-fedora-clang