CRAN Package Check Results for Package binMto

Last updated on 2025-11-02 10:50:36 CET.

Flavor Version Tinstall Tcheck Ttotal Status Flags
r-devel-linux-x86_64-debian-clang 0.0-7 2.63 27.85 30.48 NOTE
r-devel-linux-x86_64-debian-gcc 0.0-7 2.12 20.51 22.63 NOTE
r-devel-linux-x86_64-fedora-clang 0.0-7 12.00 36.10 48.10 OK
r-devel-linux-x86_64-fedora-gcc 0.0-7 43.67 OK
r-devel-windows-x86_64 0.0-7 3.00 45.00 48.00 OK
r-patched-linux-x86_64 0.0-7 2.68 25.94 28.62 OK
r-release-linux-x86_64 0.0-7 2.35 26.07 28.42 OK
r-release-macos-arm64 0.0-7 1.00 17.00 18.00 OK
r-release-macos-x86_64 0.0-7 4.00 41.00 45.00 OK
r-release-windows-x86_64 0.0-7 4.00 45.00 49.00 OK
r-oldrel-macos-arm64 0.0-7 1.00 18.00 19.00 OK
r-oldrel-macos-x86_64 0.0-7 2.00 23.00 25.00 OK
r-oldrel-windows-x86_64 0.0-7 4.00 52.00 56.00 OK

Check Details

Version: 0.0-7
Check: CRAN incoming feasibility
Result: NOTE Maintainer: ‘Frank Schaarschmidt <schaarschmidt@biostat.uni-hannover.de>’ No Authors@R field in DESCRIPTION. Please add one, modifying Authors@R: person(given = "Frank", family = "Schaarschmidt", role = c("aut", "cre"), email = "schaarschmidt@biostat.uni-hannover.de") as necessary. Flavors: r-devel-linux-x86_64-debian-clang, r-devel-linux-x86_64-debian-gcc