Last updated on 2024-05-09 10:49:43 CEST.
Flavor | Version | Tinstall | Tcheck | Ttotal | Status | Flags |
---|---|---|---|---|---|---|
r-devel-linux-x86_64-debian-clang | 0.1.0 | 3.72 | 42.90 | 46.62 | OK | |
r-devel-linux-x86_64-debian-gcc | 0.1.0 | 2.48 | 36.69 | 39.17 | OK | |
r-devel-linux-x86_64-fedora-clang | 0.1.0 | 61.19 | NOTE | |||
r-devel-linux-x86_64-fedora-gcc | 0.1.0 | 92.60 | NOTE | |||
r-devel-windows-x86_64 | 0.1.0 | 4.00 | 59.00 | 63.00 | OK | |
r-patched-linux-x86_64 | 0.1.0 | 3.38 | 45.30 | 48.68 | OK | |
r-release-linux-x86_64 | 0.1.0 | 3.54 | 47.18 | 50.72 | OK | |
r-release-macos-arm64 | 0.1.0 | 27.00 | OK | |||
r-release-windows-x86_64 | 0.1.0 | 3.00 | 61.00 | 64.00 | OK | |
r-oldrel-macos-arm64 | 0.1.0 | 28.00 | OK | |||
r-oldrel-macos-x86_64 | 0.1.0 | 41.00 | OK | |||
r-oldrel-windows-x86_64 | 0.1.0 | 5.00 | 60.00 | 65.00 | OK |
Version: 0.1.0
Check: data for non-ASCII characters
Result: NOTE
Note: found 99 marked UTF-8 strings
Flavors: r-devel-linux-x86_64-fedora-clang, r-devel-linux-x86_64-fedora-gcc