Last updated on 2024-05-09 10:49:43 CEST.
Flavor | Version | Tinstall | Tcheck | Ttotal | Status | Flags |
---|---|---|---|---|---|---|
r-devel-linux-x86_64-debian-clang | 0.2.5 | 27.95 | 40.87 | 68.82 | NOTE | |
r-devel-linux-x86_64-debian-gcc | 0.2.5 | 19.10 | 31.24 | 50.34 | NOTE | |
r-devel-linux-x86_64-fedora-clang | 0.2.5 | 102.31 | NOTE | |||
r-devel-linux-x86_64-fedora-gcc | 0.2.5 | 138.77 | NOTE | |||
r-devel-windows-x86_64 | 0.2.5 | 24.00 | 71.00 | 95.00 | NOTE | |
r-patched-linux-x86_64 | 0.2.5 | 27.59 | 39.04 | 66.63 | NOTE | |
r-release-linux-x86_64 | 0.2.5 | 27.83 | 40.63 | 68.46 | NOTE | |
r-release-macos-arm64 | 0.2.5 | 27.00 | NOTE | |||
r-release-windows-x86_64 | 0.2.5 | 21.00 | 70.00 | 91.00 | NOTE | |
r-oldrel-macos-arm64 | 0.2.5 | 33.00 | NOTE | |||
r-oldrel-macos-x86_64 | 0.2.5 | 48.00 | NOTE | |||
r-oldrel-windows-x86_64 | 0.2.5 | 21.00 | 81.00 | 102.00 | NOTE |
Version: 0.2.5
Check: C++ specification
Result: NOTE
Specified C++11: please drop specification unless essential
Flavors: r-devel-linux-x86_64-debian-clang, r-devel-linux-x86_64-debian-gcc, r-devel-linux-x86_64-fedora-clang, r-devel-linux-x86_64-fedora-gcc, r-devel-windows-x86_64, r-patched-linux-x86_64, r-release-linux-x86_64, r-release-macos-arm64, r-release-windows-x86_64, r-oldrel-macos-arm64, r-oldrel-macos-x86_64, r-oldrel-windows-x86_64
Version: 0.2.5
Check: LazyData
Result: NOTE
'LazyData' is specified without a 'data' directory
Flavors: r-devel-linux-x86_64-debian-clang, r-devel-linux-x86_64-debian-gcc, r-devel-linux-x86_64-fedora-clang, r-devel-linux-x86_64-fedora-gcc, r-devel-windows-x86_64, r-patched-linux-x86_64, r-release-linux-x86_64, r-release-macos-arm64, r-release-windows-x86_64, r-oldrel-macos-arm64, r-oldrel-macos-x86_64, r-oldrel-windows-x86_64