Last updated on 2025-11-19 09:48:29 CET.
| Flavor | Version | Tinstall | Tcheck | Ttotal | Status | Flags |
|---|---|---|---|---|---|---|
| r-devel-linux-x86_64-debian-clang | 1.14.0 | 16.88 | 477.04 | 493.92 | NOTE | |
| r-devel-linux-x86_64-debian-gcc | 1.14.0 | 12.72 | 309.31 | 322.03 | NOTE | |
| r-devel-linux-x86_64-fedora-clang | 1.14.0 | 49.00 | 741.87 | 790.87 | NOTE | |
| r-devel-linux-x86_64-fedora-gcc | 1.14.0 | 41.00 | 725.07 | 766.07 | NOTE | |
| r-devel-windows-x86_64 | 1.14.0 | 25.00 | 393.00 | 418.00 | NOTE | |
| r-patched-linux-x86_64 | 1.14.0 | 22.12 | 449.78 | 471.90 | OK | |
| r-release-linux-x86_64 | 1.14.0 | 19.26 | 451.22 | 470.48 | OK | |
| r-release-macos-arm64 | 1.14.0 | 6.00 | 194.00 | 200.00 | OK | |
| r-release-macos-x86_64 | 1.14.0 | 21.00 | 443.00 | 464.00 | OK | |
| r-release-windows-x86_64 | 1.14.0 | 21.00 | 401.00 | 422.00 | OK | |
| r-oldrel-macos-arm64 | 1.14.0 | 7.00 | 175.00 | 182.00 | NOTE | |
| r-oldrel-macos-x86_64 | 1.14.0 | 12.00 | 323.00 | 335.00 | NOTE | |
| r-oldrel-windows-x86_64 | 1.14.0 | 30.00 | 552.00 | 582.00 | NOTE |
Version: 1.14.0
Check: Rd files
Result: NOTE
checkRd: (-1) bayesplot-package.Rd:28: height/width attributes should be in pixels
checkRd: (-1) bayesplot-package.Rd:29: height/width attributes should be in pixels
checkRd: (-1) bayesplot-package.Rd:30: height/width attributes should be in pixels
Flavors: r-devel-linux-x86_64-debian-clang, r-devel-linux-x86_64-debian-gcc, r-devel-linux-x86_64-fedora-clang, r-devel-linux-x86_64-fedora-gcc, r-devel-windows-x86_64
Version: 1.14.0
Check: installed package size
Result: NOTE
installed size is 6.6Mb
sub-directories of 1Mb or more:
R 1.9Mb
doc 4.0Mb
Flavors: r-oldrel-macos-arm64, r-oldrel-macos-x86_64, r-oldrel-windows-x86_64