Last updated on 2025-10-25 09:49:24 CEST.
| Flavor | Version | Tinstall | Tcheck | Ttotal | Status | Flags |
|---|---|---|---|---|---|---|
| r-devel-linux-x86_64-debian-clang | 0.2.0 | 5.04 | 57.57 | 62.61 | OK | |
| r-devel-linux-x86_64-debian-gcc | 0.2.0 | 4.05 | 42.88 | 46.93 | OK | |
| r-devel-linux-x86_64-fedora-clang | 0.2.0 | 15.00 | 87.01 | 102.01 | OK | |
| r-devel-linux-x86_64-fedora-gcc | 0.2.0 | 13.00 | 86.87 | 99.87 | OK | |
| r-devel-windows-x86_64 | 0.2.0 | 6.00 | 66.00 | 72.00 | OK | |
| r-patched-linux-x86_64 | 0.2.0 | 5.41 | 57.78 | 63.19 | OK | |
| r-release-linux-x86_64 | 0.2.0 | 4.95 | 55.52 | 60.47 | OK | |
| r-release-macos-arm64 | 0.2.0 | 3.00 | 50.00 | 53.00 | OK | |
| r-release-macos-x86_64 | 0.2.0 | 5.00 | 52.00 | 57.00 | OK | |
| r-release-windows-x86_64 | 0.2.0 | 6.00 | 69.00 | 75.00 | OK | |
| r-oldrel-macos-arm64 | 0.2.0 | 2.00 | 28.00 | 30.00 | NOTE | |
| r-oldrel-macos-x86_64 | 0.2.0 | 3.00 | 40.00 | 43.00 | NOTE | |
| r-oldrel-windows-x86_64 | 0.2.0 | 8.00 | 82.00 | 90.00 | NOTE |
Version: 0.2.0
Check: LazyData
Result: NOTE
'LazyData' is specified without a 'data' directory
Flavors: r-oldrel-macos-arm64, r-oldrel-macos-x86_64, r-oldrel-windows-x86_64