Last updated on 2024-05-09 10:49:42 CEST.
Flavor | Version | Tinstall | Tcheck | Ttotal | Status | Flags |
---|---|---|---|---|---|---|
r-devel-linux-x86_64-debian-clang | 0.2.3 | 10.48 | 175.88 | 186.36 | NOTE | |
r-devel-linux-x86_64-debian-gcc | 0.2.3 | 9.07 | 131.49 | 140.56 | NOTE | |
r-devel-linux-x86_64-fedora-clang | 0.2.3 | 241.01 | NOTE | |||
r-devel-linux-x86_64-fedora-gcc | 0.2.3 | 293.09 | NOTE | |||
r-devel-windows-x86_64 | 0.2.3 | 11.00 | 155.00 | 166.00 | NOTE | |
r-patched-linux-x86_64 | 0.2.3 | 7.69 | 172.35 | 180.04 | NOTE | |
r-release-linux-x86_64 | 0.2.3 | 6.78 | 168.17 | 174.95 | NOTE | |
r-release-macos-arm64 | 0.2.3 | 71.00 | NOTE | |||
r-release-windows-x86_64 | 0.2.3 | 10.00 | 149.00 | 159.00 | NOTE | |
r-oldrel-macos-arm64 | 0.2.3 | 81.00 | OK | |||
r-oldrel-macos-x86_64 | 0.2.3 | 148.00 | OK | |||
r-oldrel-windows-x86_64 | 0.2.3 | 13.00 | 193.00 | 206.00 | OK |
Version: 0.2.3
Check: Rd files
Result: NOTE
checkRd: (-1) allestimates.Rd:25: Lost braces in \itemize; meant \describe ?
checkRd: (-1) allestimates.Rd:26: Lost braces in \itemize; meant \describe ?
checkRd: (-1) allestimates.Rd:27: Lost braces in \itemize; meant \describe ?
checkRd: (-1) allestimates.Rd:28: Lost braces in \itemize; meant \describe ?
Flavors: r-devel-linux-x86_64-debian-clang, r-devel-linux-x86_64-debian-gcc, r-devel-linux-x86_64-fedora-clang, r-devel-linux-x86_64-fedora-gcc, r-devel-windows-x86_64, r-patched-linux-x86_64, r-release-linux-x86_64, r-release-macos-arm64, r-release-windows-x86_64