Last updated on 2025-10-31 09:50:10 CET.
| Flavor | Version | Tinstall | Tcheck | Ttotal | Status | Flags | 
|---|---|---|---|---|---|---|
| r-devel-linux-x86_64-debian-clang | 0.2.1 | 4.45 | 70.32 | 74.77 | NOTE | |
| r-devel-linux-x86_64-debian-gcc | 0.2.1 | 2.80 | 49.35 | 52.15 | NOTE | |
| r-devel-linux-x86_64-fedora-clang | 0.2.1 | 10.00 | 102.52 | 112.52 | NOTE | |
| r-devel-linux-x86_64-fedora-gcc | 0.2.1 | 21.00 | 94.55 | 115.55 | NOTE | |
| r-devel-windows-x86_64 | 0.2.1 | 6.00 | 77.00 | 83.00 | NOTE | |
| r-patched-linux-x86_64 | 0.2.1 | 4.63 | 63.84 | 68.47 | NOTE | |
| r-release-linux-x86_64 | 0.2.1 | 4.61 | 63.86 | 68.47 | NOTE | |
| r-release-macos-arm64 | 0.2.1 | 2.00 | 30.00 | 32.00 | NOTE | |
| r-release-macos-x86_64 | 0.2.1 | 4.00 | 54.00 | 58.00 | NOTE | |
| r-release-windows-x86_64 | 0.2.1 | 6.00 | 79.00 | 85.00 | NOTE | |
| r-oldrel-macos-arm64 | 0.2.1 | 2.00 | 31.00 | 33.00 | OK | |
| r-oldrel-macos-x86_64 | 0.2.1 | 3.00 | 46.00 | 49.00 | OK | |
| r-oldrel-windows-x86_64 | 0.2.1 | 8.00 | 98.00 | 106.00 | OK | 
Version: 0.2.1
Check: DESCRIPTION meta-information
Result: NOTE
    Missing dependency on R >= 4.1.0 because package code uses the pipe
    |> or function shorthand \(...) syntax added in R 4.1.0.
    File(s) using such syntax:
      ‘calc_plan_stats.R’
Flavors: r-devel-linux-x86_64-debian-clang, r-devel-linux-x86_64-debian-gcc, r-devel-linux-x86_64-fedora-clang, r-devel-linux-x86_64-fedora-gcc, r-devel-windows-x86_64, r-patched-linux-x86_64, r-release-linux-x86_64, r-release-macos-arm64, r-release-macos-x86_64, r-release-windows-x86_64