Last updated on 2025-11-21 09:48:56 CET.
| Flavor | Version | Tinstall | Tcheck | Ttotal | Status | Flags |
|---|---|---|---|---|---|---|
| r-devel-linux-x86_64-debian-clang | 0.1.0 | 6.65 | 63.01 | 69.66 | NOTE | |
| r-devel-linux-x86_64-debian-gcc | 0.1.0 | 4.79 | 46.58 | 51.37 | NOTE | |
| r-devel-linux-x86_64-fedora-clang | 0.1.0 | 15.00 | 96.50 | 111.50 | OK | |
| r-devel-linux-x86_64-fedora-gcc | 0.1.0 | 16.00 | 88.08 | 104.08 | OK | |
| r-devel-windows-x86_64 | 0.1.0 | 12.00 | 74.00 | 86.00 | OK | |
| r-patched-linux-x86_64 | 0.1.0 | 6.03 | 60.48 | 66.51 | OK | |
| r-release-linux-x86_64 | 0.1.0 | 6.53 | 58.89 | 65.42 | OK | |
| r-release-macos-arm64 | 0.1.0 | OK | ||||
| r-release-macos-x86_64 | 0.1.0 | 5.00 | 41.00 | 46.00 | OK | |
| r-release-windows-x86_64 | 0.1.0 | 8.00 | 74.00 | 82.00 | OK | |
| r-oldrel-macos-arm64 | 0.1.0 | OK | ||||
| r-oldrel-macos-x86_64 | 0.1.0 | 4.00 | 35.00 | 39.00 | OK | |
| r-oldrel-windows-x86_64 | 0.1.0 | 11.00 | 89.00 | 100.00 | OK |
Version: 0.1.0
Check: CRAN incoming feasibility
Result: NOTE
Maintainer: ‘Anna Cheshkova <cheshanf@gmail.com>’
No Authors@R field in DESCRIPTION.
Please add one, modifying
Authors@R: person(given = "Anna",
family = "Cheshkova",
role = c("aut", "cre"),
email = "cheshanf@gmail.com")
as necessary.
Flavors: r-devel-linux-x86_64-debian-clang, r-devel-linux-x86_64-debian-gcc