Last updated on 2025-10-09 12:51:10 CEST.
Flavor | Version | Tinstall | Tcheck | Ttotal | Status | Flags |
---|---|---|---|---|---|---|
r-devel-linux-x86_64-debian-clang | 0.1.5 | 13.10 | 109.45 | 122.55 | NOTE | |
r-devel-linux-x86_64-debian-gcc | 0.1.5 | 8.46 | 75.36 | 83.82 | NOTE | |
r-devel-linux-x86_64-fedora-clang | 0.1.5 | 187.50 | OK | |||
r-devel-linux-x86_64-fedora-gcc | 0.1.5 | 191.79 | OK | |||
r-devel-windows-x86_64 | 0.1.5 | 14.00 | 115.00 | 129.00 | OK | |
r-patched-linux-x86_64 | 0.1.5 | 10.90 | 102.09 | 112.99 | OK | |
r-release-linux-x86_64 | 0.1.5 | 10.83 | 102.85 | 113.68 | OK | |
r-release-macos-arm64 | 0.1.5 | 54.00 | OK | |||
r-release-macos-x86_64 | 0.1.5 | 98.00 | OK | |||
r-release-windows-x86_64 | 0.1.5 | 13.00 | 111.00 | 124.00 | OK | |
r-oldrel-macos-arm64 | 0.1.5 | 59.00 | OK | |||
r-oldrel-macos-x86_64 | 0.1.5 | 97.00 | OK | |||
r-oldrel-windows-x86_64 | 0.1.5 | 18.00 | 141.00 | 159.00 | OK |
Version: 0.1.5
Check: CRAN incoming feasibility
Result: NOTE
Maintainer: ‘Rodney Edmondson <rodney.edmondson@gmail.com>’
Found the following URLs which should use \doi (with the DOI name only):
File ‘agriTutorial.Rd’:
http://dx.doi.org/10.1111/jac.12267
File ‘example1.Rd’:
http://dx.doi.org/10.1111/jac.12267
File ‘example2.Rd’:
http://dx.doi.org/10.1111/jac.12267
File ‘example3.Rd’:
http://dx.doi.org/10.1111/jac.12267
File ‘example4.Rd’:
http://dx.doi.org/10.1111/jac.12267
File ‘example5.Rd’:
http://dx.doi.org/10.1111/jac.12267
Flavors: r-devel-linux-x86_64-debian-clang, r-devel-linux-x86_64-debian-gcc