Last updated on 2025-10-24 09:49:55 CEST.
| Flavor | Version | Tinstall | Tcheck | Ttotal | Status | Flags |
|---|---|---|---|---|---|---|
| r-devel-linux-x86_64-debian-clang | 1.1 | 77.35 | 31.37 | 108.72 | OK | |
| r-devel-linux-x86_64-debian-gcc | 1.1 | 56.83 | 24.12 | 80.95 | OK | |
| r-devel-linux-x86_64-fedora-clang | 1.1 | 133.00 | 24.00 | 157.00 | OK | |
| r-devel-linux-x86_64-fedora-gcc | 1.1 | 165.00 | 5.11 | 170.11 | OK | |
| r-devel-windows-x86_64 | 1.1 | 73.00 | 47.00 | 120.00 | OK | |
| r-patched-linux-x86_64 | 1.1 | 68.04 | 29.29 | 97.33 | OK | |
| r-release-linux-x86_64 | 1.1 | 66.08 | 29.59 | 95.67 | OK | |
| r-release-macos-arm64 | 1.1 | 55.00 | 23.00 | 78.00 | OK | |
| r-release-macos-x86_64 | 1.1 | 84.00 | 31.00 | 115.00 | OK | |
| r-release-windows-x86_64 | 1.1 | 69.00 | 49.00 | 118.00 | OK | |
| r-oldrel-macos-arm64 | 1.1 | 58.00 | 26.00 | 84.00 | NOTE | |
| r-oldrel-macos-x86_64 | 1.1 | 59.00 | 32.00 | 91.00 | NOTE | |
| r-oldrel-windows-x86_64 | 1.1 | 77.00 | 57.00 | 134.00 | NOTE |
Version: 1.1
Check: installed package size
Result: NOTE
installed size is 10.4Mb
sub-directories of 1Mb or more:
data 10.2Mb
Flavors: r-oldrel-macos-arm64, r-oldrel-macos-x86_64, r-oldrel-windows-x86_64