Last updated on 2025-10-31 09:50:10 CET.
| Flavor | Version | Tinstall | Tcheck | Ttotal | Status | Flags | 
|---|---|---|---|---|---|---|
| r-devel-linux-x86_64-debian-clang | 1.0.1 | 568.47 | 75.36 | 643.83 | OK | |
| r-devel-linux-x86_64-debian-gcc | 1.0.1 | 199.80 | 60.59 | 260.39 | OK | |
| r-devel-linux-x86_64-fedora-clang | 1.0.1 | 1560.00 | -675.73 | 884.27 | NOTE | |
| r-devel-linux-x86_64-fedora-gcc | 1.0.1 | 780.00 | 34.97 | 814.97 | NOTE | |
| r-devel-windows-x86_64 | 1.0.1 | 186.00 | 123.00 | 309.00 | OK | |
| r-patched-linux-x86_64 | 1.0.1 | 245.21 | 73.14 | 318.35 | OK | |
| r-release-linux-x86_64 | 1.0.1 | 257.32 | 73.06 | 330.38 | OK | |
| r-release-macos-arm64 | 1.0.1 | 187.00 | 37.00 | 224.00 | OK | |
| r-release-macos-x86_64 | 1.0.1 | 364.00 | 68.00 | 432.00 | OK | |
| r-release-windows-x86_64 | 1.0.1 | 335.00 | 128.00 | 463.00 | OK | |
| r-oldrel-macos-arm64 | 1.0.1 | 178.00 | 48.00 | 226.00 | NOTE | |
| r-oldrel-macos-x86_64 | 1.0.1 | 322.00 | 76.00 | 398.00 | NOTE | |
| r-oldrel-windows-x86_64 | 1.0.1 | 229.00 | 168.00 | 397.00 | OK | 
Version: 1.0.1
Check: dependencies in R code
Result: NOTE
  Namespaces in Imports field not imported from:
    ‘lefko3’ ‘rlang’
    All declared Imports should be used.
Flavors: r-devel-linux-x86_64-fedora-clang, r-devel-linux-x86_64-fedora-gcc
Version: 1.0.1
Check: installed package size
Result: NOTE
    installed size is 39.4Mb
    sub-directories of 1Mb or more:
      libs  38.3Mb
Flavors: r-oldrel-macos-arm64, r-oldrel-macos-x86_64