Last updated on 2025-10-24 09:49:55 CEST.
| Flavor | Version | Tinstall | Tcheck | Ttotal | Status | Flags |
|---|---|---|---|---|---|---|
| r-devel-linux-x86_64-debian-clang | 2023.8.2.1 | 1.87 | 22.60 | 24.47 | OK | |
| r-devel-linux-x86_64-debian-gcc | 2023.8.2.1 | 1.54 | 19.04 | 20.58 | OK | |
| r-devel-linux-x86_64-fedora-clang | 2023.8.2.1 | 33.45 | OK | |||
| r-devel-linux-x86_64-fedora-gcc | 2023.8.2.1 | 32.70 | OK | |||
| r-devel-windows-x86_64 | 2023.8.2.1 | 9.00 | 44.00 | 53.00 | OK | |
| r-patched-linux-x86_64 | 2023.8.2.1 | 1.75 | 20.47 | 22.22 | OK | |
| r-release-linux-x86_64 | 2023.8.2.1 | 1.71 | 20.58 | 22.29 | OK | |
| r-release-macos-arm64 | 2023.8.2.1 | 2.00 | 19.00 | 21.00 | OK | |
| r-release-macos-x86_64 | 2023.8.2.1 | 2.00 | 36.00 | 38.00 | OK | |
| r-release-windows-x86_64 | 2023.8.2.1 | 11.00 | 47.00 | 58.00 | OK | |
| r-oldrel-macos-arm64 | 2023.8.2.1 | 2.00 | 23.00 | 25.00 | NOTE | |
| r-oldrel-macos-x86_64 | 2023.8.2.1 | 5.00 | 46.00 | 51.00 | NOTE | |
| r-oldrel-windows-x86_64 | 2023.8.2.1 | 13.00 | 56.00 | 69.00 | NOTE |
Version: 2023.8.2.1
Check: installed package size
Result: NOTE
installed size is 13.4Mb
sub-directories of 1Mb or more:
include 13.4Mb
Flavors: r-oldrel-macos-arm64, r-oldrel-macos-x86_64, r-oldrel-windows-x86_64