CRAN Package Check Results for Package VarRedOpt

Last updated on 2025-11-26 09:51:32 CET.

Flavor Version Tinstall Tcheck Ttotal Status Flags
r-devel-linux-x86_64-debian-clang 0.1.0 1.84 27.82 29.66 OK
r-devel-linux-x86_64-debian-gcc 0.1.0 1.48 21.64 23.12 OK
r-devel-linux-x86_64-fedora-clang 0.1.0 45.42 OK
r-devel-linux-x86_64-fedora-gcc 0.1.0 44.33 OK
r-devel-windows-x86_64 0.1.0 5.00 50.00 55.00 OK
r-patched-linux-x86_64 0.1.0 1.90 26.95 28.85 OK
r-release-linux-x86_64 0.1.0 1.79 26.73 28.52 OK
r-release-macos-arm64 0.1.0 OK
r-release-macos-x86_64 0.1.0 2.00 31.00 33.00 OK
r-release-windows-x86_64 0.1.0 4.00 51.00 55.00 OK
r-oldrel-macos-arm64 0.1.0 NOTE
r-oldrel-macos-x86_64 0.1.0 2.00 25.00 27.00 NOTE
r-oldrel-windows-x86_64 0.1.0 3.00 65.00 68.00 NOTE

Check Details

Version: 0.1.0
Check: LazyData
Result: NOTE 'LazyData' is specified without a 'data' directory Flavors: r-oldrel-macos-arm64, r-oldrel-macos-x86_64, r-oldrel-windows-x86_64