Last updated on 2025-11-21 09:49:20 CET.
| Flavor | Version | Tinstall | Tcheck | Ttotal | Status | Flags |
|---|---|---|---|---|---|---|
| r-devel-linux-x86_64-debian-clang | 0.5.7 | 6.01 | 49.06 | 55.07 | NOTE | |
| r-devel-linux-x86_64-debian-gcc | 0.5.7 | 4.19 | 36.25 | 40.44 | NOTE | |
| r-devel-linux-x86_64-fedora-clang | 0.5.7 | 12.00 | 70.04 | 82.04 | OK | |
| r-devel-linux-x86_64-fedora-gcc | 0.5.7 | 13.00 | 67.91 | 80.91 | OK | |
| r-devel-windows-x86_64 | 0.5.7 | 10.00 | 67.00 | 77.00 | OK | |
| r-patched-linux-x86_64 | 0.5.7 | 5.72 | 44.42 | 50.14 | OK | |
| r-release-linux-x86_64 | 0.5.7 | 5.32 | 44.00 | 49.32 | OK | |
| r-release-macos-arm64 | 0.5.7 | OK | ||||
| r-release-macos-x86_64 | 0.5.7 | 5.00 | 40.00 | 45.00 | OK | |
| r-release-windows-x86_64 | 0.5.7 | 10.00 | 64.00 | 74.00 | OK | |
| r-oldrel-macos-arm64 | 0.5.7 | OK | ||||
| r-oldrel-macos-x86_64 | 0.5.7 | 4.00 | 39.00 | 43.00 | OK | |
| r-oldrel-windows-x86_64 | 0.5.7 | 11.00 | 135.00 | 146.00 | OK |
Version: 0.5.7
Check: CRAN incoming feasibility
Result: NOTE
Maintainer: ‘Bryan Gertzel <bryan.gertzel@anu.edu.au>’
No Authors@R field in DESCRIPTION.
Please add one, modifying
Authors@R: c(person(given = "Bryan",
family = "Gertzel",
role = c("aut", "cre"),
email = "bryan.gertzel@anu.edu.au"),
person(given = "Robert",
family = "Ackland",
role = "aut"))
as necessary.
Flavors: r-devel-linux-x86_64-debian-clang, r-devel-linux-x86_64-debian-gcc