Last updated on 2025-10-31 09:50:34 CET.
| Flavor | Version | Tinstall | Tcheck | Ttotal | Status | Flags | 
|---|---|---|---|---|---|---|
| r-devel-linux-x86_64-debian-clang | 1.0 | 1.97 | 20.93 | 22.90 | NOTE | |
| r-devel-linux-x86_64-debian-gcc | 1.0 | 1.63 | 16.56 | 18.19 | NOTE | |
| r-devel-linux-x86_64-fedora-clang | 1.0 | 33.26 | OK | |||
| r-devel-linux-x86_64-fedora-gcc | 1.0 | 31.77 | OK | |||
| r-devel-windows-x86_64 | 1.0 | 2.00 | 36.00 | 38.00 | OK | |
| r-patched-linux-x86_64 | 1.0 | 1.99 | 19.51 | 21.50 | OK | |
| r-release-linux-x86_64 | 1.0 | 1.93 | 19.71 | 21.64 | OK | |
| r-release-macos-arm64 | 1.0 | 1.00 | 15.00 | 16.00 | OK | |
| r-release-macos-x86_64 | 1.0 | 2.00 | 26.00 | 28.00 | OK | |
| r-release-windows-x86_64 | 1.0 | 3.00 | 39.00 | 42.00 | OK | |
| r-oldrel-macos-arm64 | 1.0 | 1.00 | 12.00 | 13.00 | OK | |
| r-oldrel-macos-x86_64 | 1.0 | 3.00 | 22.00 | 25.00 | OK | |
| r-oldrel-windows-x86_64 | 1.0 | 3.00 | 36.00 | 39.00 | OK | 
Version: 1.0
Check: CRAN incoming feasibility
Result: NOTE
  Maintainer: ‘Lu Tian <lutian@stanford.edu>’
  
  No Authors@R field in DESCRIPTION.
  Please add one, modifying
    Authors@R: c(person(given = "Ramon",
                        family = "Durazo-Arvizu",
                        role = "aut"),
                 person(given = "Chris",
                        family = "Sempos",
                        role = "aut"),
                 person(given = "Lu",
                        family = "Tian",
                        role = c("aut", "cre"),
                        email = "lutian@stanford.edu"))
  as necessary.
Flavors: r-devel-linux-x86_64-debian-clang, r-devel-linux-x86_64-debian-gcc