Last updated on 2025-11-22 09:50:09 CET.
| Flavor | Version | Tinstall | Tcheck | Ttotal | Status | Flags |
|---|---|---|---|---|---|---|
| r-devel-linux-x86_64-debian-clang | 0.10.1 | 8.17 | 91.72 | 99.89 | NOTE | |
| r-devel-linux-x86_64-debian-gcc | 0.10.1 | 5.33 | 64.68 | 70.01 | NOTE | |
| r-devel-linux-x86_64-fedora-clang | 0.10.1 | 17.00 | 135.01 | 152.01 | NOTE | |
| r-devel-windows-x86_64 | 0.10.1 | 11.00 | 97.00 | 108.00 | NOTE | |
| r-patched-linux-x86_64 | 0.10.1 | 6.75 | 84.70 | 91.45 | NOTE | |
| r-release-linux-x86_64 | 0.10.1 | 7.20 | 84.57 | 91.77 | NOTE | |
| r-release-macos-arm64 | 0.10.1 | NOTE | ||||
| r-release-macos-x86_64 | 0.10.1 | 5.00 | 66.00 | 71.00 | NOTE | |
| r-release-windows-x86_64 | 0.10.1 | 9.00 | 211.00 | 220.00 | NOTE | |
| r-oldrel-macos-arm64 | 0.10.1 | NOTE | ||||
| r-oldrel-macos-x86_64 | 0.10.1 | 4.00 | 53.00 | 57.00 | NOTE | |
| r-oldrel-windows-x86_64 | 0.10.1 | 13.00 | 123.00 | 136.00 | NOTE |
Version: 0.10.1
Check: CRAN incoming feasibility
Result: NOTE
Maintainer: ‘Henrik Bengtsson <henrikb@braju.com>’
Package CITATION file contains call(s) to old-style citEntry(). Please
use bibentry() instead.
Flavors: r-devel-linux-x86_64-debian-clang, r-devel-linux-x86_64-debian-gcc
Version: 0.10.1
Check: Rd files
Result: NOTE
checkRd: (-1) TopDom.Rd:21: Lost braces; missing escapes or markup?
21 | Recommended range is in {5, ..., 20}.}
| ^
Flavors: r-devel-linux-x86_64-debian-clang, r-devel-linux-x86_64-debian-gcc, r-devel-linux-x86_64-fedora-clang, r-devel-windows-x86_64, r-patched-linux-x86_64, r-release-linux-x86_64, r-release-macos-arm64, r-release-macos-x86_64, r-release-windows-x86_64, r-oldrel-macos-arm64, r-oldrel-macos-x86_64, r-oldrel-windows-x86_64