Last updated on 2024-05-09 10:50:09 CEST.
Flavor | Version | Tinstall | Tcheck | Ttotal | Status | Flags |
---|---|---|---|---|---|---|
r-devel-linux-x86_64-debian-clang | 0.1.3 | 15.57 | 133.65 | 149.22 | OK | |
r-devel-linux-x86_64-debian-gcc | 0.1.3 | 11.46 | 102.71 | 114.17 | OK | |
r-devel-linux-x86_64-fedora-clang | 0.1.3 | 189.33 | NOTE | |||
r-devel-linux-x86_64-fedora-gcc | 0.1.3 | 244.98 | NOTE | |||
r-devel-windows-x86_64 | 0.1.3 | 14.00 | 122.00 | 136.00 | OK | |
r-patched-linux-x86_64 | 0.1.3 | 8.52 | 130.37 | 138.89 | OK | |
r-release-linux-x86_64 | 0.1.3 | 8.63 | 129.48 | 138.11 | OK | |
r-release-macos-arm64 | 0.1.3 | 64.00 | OK | |||
r-release-windows-x86_64 | 0.1.3 | 14.00 | 287.00 | 301.00 | OK | |
r-oldrel-macos-arm64 | 0.1.3 | 74.00 | OK | |||
r-oldrel-macos-x86_64 | 0.1.3 | 105.00 | OK | |||
r-oldrel-windows-x86_64 | 0.1.3 | 16.00 | 145.00 | 161.00 | OK |
Version: 0.1.3
Check: dependencies in R code
Result: NOTE
Namespaces in Imports field not imported from:
‘doParallel’ ‘forecast’ ‘parallel’ ‘tidyr’
All declared Imports should be used.
Flavors: r-devel-linux-x86_64-fedora-clang, r-devel-linux-x86_64-fedora-gcc
Version: 0.1.3
Check: data for non-ASCII characters
Result: NOTE
Note: found 40 marked UTF-8 strings
Flavors: r-devel-linux-x86_64-fedora-clang, r-devel-linux-x86_64-fedora-gcc