Last updated on 2024-05-09 10:50:09 CEST.
Flavor | Version | Tinstall | Tcheck | Ttotal | Status | Flags |
---|---|---|---|---|---|---|
r-devel-linux-x86_64-debian-clang | 0.12.1 | 56.67 | 77.39 | 134.06 | NOTE | |
r-devel-linux-x86_64-debian-gcc | 0.12.1 | 43.64 | 55.85 | 99.49 | NOTE | |
r-devel-linux-x86_64-fedora-clang | 0.12.1 | 180.85 | NOTE | |||
r-devel-linux-x86_64-fedora-gcc | 0.12.1 | 245.02 | NOTE | |||
r-devel-windows-x86_64 | 0.12.1 | 44.00 | 167.00 | 211.00 | NOTE | |
r-patched-linux-x86_64 | 0.12.1 | 57.65 | 74.00 | 131.65 | NOTE | |
r-release-linux-x86_64 | 0.12.1 | 49.19 | 74.98 | 124.17 | NOTE | |
r-release-macos-arm64 | 0.12.1 | 54.00 | NOTE | |||
r-release-windows-x86_64 | 0.12.1 | 44.00 | 100.00 | 144.00 | NOTE | |
r-oldrel-macos-arm64 | 0.12.1 | 59.00 | OK | |||
r-oldrel-macos-x86_64 | 0.12.1 | 93.00 | OK | |||
r-oldrel-windows-x86_64 | 0.12.1 | 56.00 | 119.00 | 175.00 | OK |
Version: 0.12.1
Check: Rd files
Result: NOTE
checkRd: (-1) SKPar.Rd:36: Lost braces in \itemize; meant \describe ?
checkRd: (-1) SKPar.Rd:37: Lost braces in \itemize; meant \describe ?
checkRd: (-1) SKPar.Rd:38: Lost braces in \itemize; meant \describe ?
checkRd: (-1) SKPar.Rd:39: Lost braces in \itemize; meant \describe ?
checkRd: (-1) SKPar.Rd:40: Lost braces in \itemize; meant \describe ?
checkRd: (-1) SKPar.Rd:41: Lost braces in \itemize; meant \describe ?
checkRd: (-1) SKPar.Rd:42: Lost braces in \itemize; meant \describe ?
checkRd: (-1) SKPar.Rd:43: Lost braces in \itemize; meant \describe ?
Flavors: r-devel-linux-x86_64-debian-clang, r-devel-linux-x86_64-debian-gcc, r-devel-linux-x86_64-fedora-clang, r-devel-linux-x86_64-fedora-gcc, r-devel-windows-x86_64, r-patched-linux-x86_64, r-release-linux-x86_64, r-release-macos-arm64, r-release-windows-x86_64