Last updated on 2025-10-22 09:50:57 CEST.
Flavor | Version | Tinstall | Tcheck | Ttotal | Status | Flags |
---|---|---|---|---|---|---|
r-devel-linux-x86_64-debian-clang | 1.0.0 | 7.80 | 579.50 | 587.30 | NOTE | |
r-devel-linux-x86_64-debian-gcc | 1.0.0 | 7.19 | 378.48 | 385.67 | NOTE | |
r-devel-linux-x86_64-fedora-clang | 1.0.0 | 48.00 | 956.94 | 1004.94 | OK | |
r-devel-linux-x86_64-fedora-gcc | 1.0.0 | 18.00 | 908.64 | 926.64 | OK | |
r-devel-windows-x86_64 | 1.0.0 | 11.00 | 639.00 | 650.00 | OK | |
r-patched-linux-x86_64 | 1.0.0 | 9.74 | 565.52 | 575.26 | OK | |
r-release-linux-x86_64 | 1.0.0 | 7.21 | 560.39 | 567.60 | OK | |
r-release-macos-arm64 | 1.0.0 | 5.00 | 334.00 | 339.00 | OK | |
r-release-macos-x86_64 | 1.0.0 | 9.00 | 617.00 | 626.00 | OK | |
r-release-windows-x86_64 | 1.0.0 | 12.00 | 560.00 | 572.00 | OK | |
r-oldrel-macos-arm64 | 1.0.0 | 5.00 | 249.00 | 254.00 | OK | |
r-oldrel-macos-x86_64 | 1.0.0 | 6.00 | 418.00 | 424.00 | OK | |
r-oldrel-windows-x86_64 | 1.0.0 | 15.00 | 745.00 | 760.00 | OK |
Version: 1.0.0
Check: CRAN incoming feasibility
Result: NOTE
Maintainer: ‘Jasin Machkour <jasin.machkour@tu-darmstadt.de>’
The Description field contains
(2022) <arXiv:2110.06048>.
Please refer to arXiv e-prints via their arXiv DOI <doi:10.48550/arXiv.YYMM.NNNNN>.
Flavors: r-devel-linux-x86_64-debian-clang, r-devel-linux-x86_64-debian-gcc