Last updated on 2025-10-31 09:50:31 CET.
| Flavor | Version | Tinstall | Tcheck | Ttotal | Status | Flags | 
|---|---|---|---|---|---|---|
| r-devel-linux-x86_64-debian-clang | 0.0.1 | 4.87 | 71.69 | 76.56 | NOTE | |
| r-devel-linux-x86_64-debian-gcc | 0.0.1 | 4.03 | 51.51 | 55.54 | NOTE | |
| r-devel-linux-x86_64-fedora-clang | 0.0.1 | 117.19 | NOTE | |||
| r-devel-linux-x86_64-fedora-gcc | 0.0.1 | 13.00 | 103.67 | 116.67 | NOTE | |
| r-devel-windows-x86_64 | 0.0.1 | 7.00 | 87.00 | 94.00 | NOTE | |
| r-patched-linux-x86_64 | 0.0.1 | 4.37 | 69.89 | 74.26 | NOTE | |
| r-release-linux-x86_64 | 0.0.1 | 5.05 | 69.49 | 74.54 | NOTE | |
| r-release-macos-arm64 | 0.0.1 | 3.00 | 43.00 | 46.00 | NOTE | |
| r-release-macos-x86_64 | 0.0.1 | 4.00 | 72.00 | 76.00 | NOTE | |
| r-release-windows-x86_64 | 0.0.1 | 9.00 | 90.00 | 99.00 | NOTE | |
| r-oldrel-macos-arm64 | 0.0.1 | 2.00 | 48.00 | 50.00 | OK | |
| r-oldrel-macos-x86_64 | 0.0.1 | 7.00 | 90.00 | 97.00 | OK | |
| r-oldrel-windows-x86_64 | 0.0.1 | 9.00 | 110.00 | 119.00 | OK | 
Version: 0.0.1
Check: DESCRIPTION meta-information
Result: NOTE
    Missing dependency on R >= 4.1.0 because package code uses the pipe
    |> or function shorthand \(...) syntax added in R 4.1.0.
    File(s) using such syntax:
      ‘sim_functional_process.R’
Flavors: r-devel-linux-x86_64-debian-clang, r-devel-linux-x86_64-debian-gcc, r-devel-linux-x86_64-fedora-clang, r-devel-linux-x86_64-fedora-gcc, r-devel-windows-x86_64, r-patched-linux-x86_64, r-release-linux-x86_64, r-release-macos-arm64, r-release-macos-x86_64, r-release-windows-x86_64