Last updated on 2025-11-24 09:50:47 CET.
| Flavor | Version | Tinstall | Tcheck | Ttotal | Status | Flags |
|---|---|---|---|---|---|---|
| r-devel-linux-x86_64-debian-clang | 0.0.1 | 5.32 | 74.15 | 79.47 | NOTE | |
| r-devel-linux-x86_64-debian-gcc | 0.0.1 | 3.26 | 52.40 | 55.66 | NOTE | |
| r-devel-linux-x86_64-fedora-clang | 0.0.1 | 12.00 | 108.12 | 120.12 | NOTE | |
| r-devel-windows-x86_64 | 0.0.1 | 8.00 | 87.00 | 95.00 | NOTE | |
| r-patched-linux-x86_64 | 0.0.1 | 5.67 | 69.64 | 75.31 | NOTE | |
| r-release-linux-x86_64 | 0.0.1 | 4.96 | 70.60 | 75.56 | NOTE | |
| r-release-macos-arm64 | 0.0.1 | NOTE | ||||
| r-release-macos-x86_64 | 0.0.1 | 4.00 | 72.00 | 76.00 | NOTE | |
| r-release-windows-x86_64 | 0.0.1 | 8.00 | 88.00 | 96.00 | NOTE | |
| r-oldrel-macos-arm64 | 0.0.1 | OK | ||||
| r-oldrel-macos-x86_64 | 0.0.1 | 7.00 | 90.00 | 97.00 | OK | |
| r-oldrel-windows-x86_64 | 0.0.1 | 9.00 | 112.00 | 121.00 | OK |
Version: 0.0.1
Check: DESCRIPTION meta-information
Result: NOTE
Missing dependency on R >= 4.1.0 because package code uses the pipe
|> or function shorthand \(...) syntax added in R 4.1.0.
File(s) using such syntax:
‘sim_functional_process.R’
Flavors: r-devel-linux-x86_64-debian-clang, r-devel-linux-x86_64-debian-gcc, r-devel-linux-x86_64-fedora-clang, r-devel-windows-x86_64, r-patched-linux-x86_64, r-release-linux-x86_64, r-release-macos-arm64, r-release-macos-x86_64, r-release-windows-x86_64