Last updated on 2025-10-23 10:48:56 CEST.
| Flavor | Version | Tinstall | Tcheck | Ttotal | Status | Flags |
|---|---|---|---|---|---|---|
| r-devel-linux-x86_64-debian-clang | 0.1.8 | 16.71 | 136.69 | 153.40 | OK | |
| r-devel-linux-x86_64-debian-gcc | 0.1.8 | 11.36 | 98.18 | 109.54 | OK | |
| r-devel-linux-x86_64-fedora-clang | 0.1.8 | 38.00 | 201.45 | 239.45 | OK | |
| r-devel-linux-x86_64-fedora-gcc | 0.1.8 | 37.00 | 220.63 | 257.63 | OK | |
| r-devel-windows-x86_64 | 0.1.8 | 16.00 | 130.00 | 146.00 | OK | |
| r-patched-linux-x86_64 | 0.1.8 | 17.50 | 129.19 | 146.69 | OK | |
| r-release-linux-x86_64 | 0.1.8 | 15.97 | 128.25 | 144.22 | OK | |
| r-release-macos-arm64 | 0.1.8 | 8.00 | 64.00 | 72.00 | OK | |
| r-release-macos-x86_64 | 0.1.8 | 22.00 | 139.00 | 161.00 | OK | |
| r-release-windows-x86_64 | 0.1.8 | 19.00 | 130.00 | 149.00 | OK | |
| r-oldrel-macos-arm64 | 0.1.8 | 8.00 | 68.00 | 76.00 | NOTE | |
| r-oldrel-macos-x86_64 | 0.1.8 | 23.00 | 147.00 | 170.00 | NOTE | |
| r-oldrel-windows-x86_64 | 0.1.8 | 22.00 | 171.00 | 193.00 | OK |
Version: 0.1.8
Check: package dependencies
Result: NOTE
Package suggested but not available for checking: ‘INLA’
Flavors: r-oldrel-macos-arm64, r-oldrel-macos-x86_64